Last updated on 2024-04-24 23:00:37 CEST.
Flavor | Version | Tinstall | Tcheck | Ttotal | Status | Flags |
---|---|---|---|---|---|---|
r-devel-linux-x86_64-debian-clang | 5.2.1 | 23.13 | 103.35 | 126.48 | OK | |
r-devel-linux-x86_64-debian-gcc | 5.2.1 | 20.04 | 255.12 | 275.16 | OK | |
r-devel-linux-x86_64-fedora-gcc | 5.2.1 | 204.11 | OK | |||
r-devel-windows-x86_64 | 5.2.1 | 46.00 | 152.00 | 198.00 | NOTE | |
r-patched-linux-x86_64 | 5.2.1 | 25.81 | 99.28 | 125.09 | OK | |
r-release-linux-x86_64 | 5.2.1 | 25.97 | 116.80 | 142.77 | OK | |
r-release-macos-arm64 | 5.2.1 | 65.00 | NOTE | |||
r-release-windows-x86_64 | 5.2.1 | 46.00 | 150.00 | 196.00 | NOTE | |
r-oldrel-macos-arm64 | 5.2.1 | 61.00 | NOTE | |||
r-oldrel-macos-x86_64 | 5.2.1 | 169.00 | NOTE | |||
r-oldrel-windows-x86_64 | 5.2.1 | 56.00 | 163.00 | 219.00 | NOTE |
Version: 5.2.1
Check: installed package size
Result: NOTE
installed size is 23.3Mb
sub-directories of 1Mb or more:
doc 1.1Mb
libs 8.1Mb
tessdata 14.0Mb
Flavors: r-devel-windows-x86_64, r-release-macos-arm64, r-release-windows-x86_64, r-oldrel-macos-arm64, r-oldrel-macos-x86_64, r-oldrel-windows-x86_64