Last updated on 2024-03-27 22:58:01 CET.
Flavor | Version | Tinstall | Tcheck | Ttotal | Status | Flags |
---|---|---|---|---|---|---|
r-devel-linux-x86_64-debian-clang | 0.2.0 | 6.65 | 80.32 | 86.97 | OK | |
r-devel-linux-x86_64-debian-gcc | 0.2.0 | 4.72 | 59.62 | 64.34 | OK | |
r-devel-linux-x86_64-fedora-clang | 0.2.0 | 128.97 | NOTE | |||
r-devel-linux-x86_64-fedora-gcc | 0.2.0 | 135.07 | NOTE | |||
r-devel-windows-x86_64 | 0.2.0 | 8.00 | 98.00 | 106.00 | OK | |
r-patched-linux-x86_64 | 0.2.0 | 8.06 | 76.65 | 84.71 | OK | |
r-release-linux-x86_64 | 0.2.0 | 7.62 | 75.28 | 82.90 | OK | |
r-release-macos-arm64 | 0.2.0 | 52.00 | OK | |||
r-release-macos-x86_64 | 0.2.0 | 89.00 | OK | |||
r-release-windows-x86_64 | 0.2.0 | 10.00 | 97.00 | 107.00 | OK | |
r-oldrel-macos-arm64 | 0.2.0 | 59.00 | OK | |||
r-oldrel-windows-x86_64 | 0.2.0 | 11.00 | 106.00 | 117.00 | OK |
Version: 0.2.0
Check: for detritus in the temp directory
Result: NOTE
Found the following files/directories:
‘par-7269706c6579’
Flavors: r-devel-linux-x86_64-fedora-clang, r-devel-linux-x86_64-fedora-gcc