Last updated on 2023-12-06 23:12:17 CET.
Flavor | Version | Tinstall | Tcheck | Ttotal | Status | Flags |
---|---|---|---|---|---|---|
r-devel-linux-x86_64-debian-clang | 0.2.0 | 62.48 | 79.21 | 141.69 | OK | |
r-devel-linux-x86_64-debian-gcc | 0.2.0 | 42.62 | 58.88 | 101.50 | OK | |
r-devel-linux-x86_64-fedora-clang | 0.2.0 | 200.13 | NOTE | |||
r-devel-linux-x86_64-fedora-gcc | 0.2.0 | 186.25 | NOTE | |||
r-devel-windows-x86_64 | 0.2.0 | 51.00 | 96.00 | 147.00 | OK | |
r-patched-linux-x86_64 | 0.2.0 | 39.08 | 75.58 | 114.66 | OK | |
r-release-linux-x86_64 | 0.2.0 | 38.83 | 75.24 | 114.07 | OK | |
r-release-macos-arm64 | 0.2.0 | 52.00 | OK | |||
r-release-macos-x86_64 | 0.2.0 | 80.00 | OK | |||
r-release-windows-x86_64 | 0.2.0 | 65.00 | 114.00 | 179.00 | OK | |
r-oldrel-macos-arm64 | 0.2.0 | 64.00 | OK | |||
r-oldrel-macos-x86_64 | 0.2.0 | 103.00 | OK | |||
r-oldrel-windows-x86_64 | 0.2.0 | 61.00 | 111.00 | 172.00 | OK |
Version: 0.2.0
Check: compiled code
Result: NOTE
File ‘testforDEP/libs/testforDEP.so’:
Found no calls to: ‘R_registerRoutines’, ‘R_useDynamicSymbols’
It is good practice to register native routines and to disable symbol
search.
See ‘Writing portable packages’ in the ‘Writing R Extensions’ manual.
Flavors: r-devel-linux-x86_64-fedora-clang, r-devel-linux-x86_64-fedora-gcc