CRAN Package Check Results for Package texmex

Last updated on 2019-09-14 22:48:39 CEST.

Flavor Version Tinstall Tcheck Ttotal Status Flags
r-devel-linux-x86_64-debian-clang 2.4.2 29.04 108.24 137.28 OK
r-devel-linux-x86_64-debian-gcc 2.4.2 23.29 79.60 102.89 OK
r-devel-linux-x86_64-fedora-clang 2.4.2 180.85 OK
r-devel-linux-x86_64-fedora-gcc 2.4.2 165.42 OK
r-devel-windows-ix86+x86_64 2.4.2 90.00 150.00 240.00 NOTE
r-patched-linux-x86_64 2.4.2 27.56 104.53 132.09 OK
r-patched-solaris-x86 2.4.2 196.90 OK
r-release-linux-x86_64 2.4.2 28.77 104.92 133.69 OK
r-release-windows-ix86+x86_64 2.4.2 53.00 162.00 215.00 NOTE
r-release-osx-x86_64 2.4.2 OK
r-oldrel-windows-ix86+x86_64 2.4.2 78.00 161.00 239.00 NOTE
r-oldrel-osx-x86_64 2.4.2 OK

Check Details

Version: 2.4.2
Check: installed package size
Result: NOTE
     installed size is 5.5Mb
     sub-directories of 1Mb or more:
     doc 3.2Mb
     libs 1.5Mb
Flavors: r-devel-windows-ix86+x86_64, r-release-windows-ix86+x86_64, r-oldrel-windows-ix86+x86_64