Last updated on 2024-04-18 22:53:03 CEST.
Flavor | Version | Tinstall | Tcheck | Ttotal | Status | Flags |
---|---|---|---|---|---|---|
r-devel-linux-x86_64-debian-clang | 1.1.1 | 8.37 | 335.48 | 343.85 | OK | |
r-devel-linux-x86_64-debian-gcc | 1.1.1 | 8.00 | 290.57 | 298.57 | OK | |
r-devel-linux-x86_64-fedora-clang | 1.1.1 | 489.30 | NOTE | |||
r-devel-linux-x86_64-fedora-gcc | 1.1.1 | 475.68 | NOTE | |||
r-prerel-macos-arm64 | 1.1.1 | 124.00 | OK | |||
r-prerel-windows-x86_64 | 1.1.1 | 11.00 | 225.00 | 236.00 | OK | |
r-patched-linux-x86_64 | 1.1.1 | 14.65 | 376.75 | 391.40 | OK | |
r-release-linux-x86_64 | 1.1.1 | 6.30 | 370.01 | 376.31 | OK | |
r-release-macos-arm64 | 1.1.1 | 129.00 | OK | |||
r-release-macos-x86_64 | 1.1.1 | 247.00 | OK | |||
r-release-windows-x86_64 | 1.1.1 | 13.00 | 291.00 | 304.00 | OK | |
r-oldrel-macos-arm64 | 1.1.1 | 88.00 | OK | |||
r-oldrel-windows-x86_64 | 1.1.1 | 14.00 | 295.00 | 309.00 | OK |
Version: 1.1.1
Check: data for non-ASCII characters
Result: NOTE
Note: found 37 marked UTF-8 strings
Flavors: r-devel-linux-x86_64-fedora-clang, r-devel-linux-x86_64-fedora-gcc