Last updated on 2024-05-03 22:53:27 CEST.
Flavor | Version | Tinstall | Tcheck | Ttotal | Status | Flags |
---|---|---|---|---|---|---|
r-devel-linux-x86_64-debian-clang | 0.1.1 | 16.94 | 33.12 | 50.06 | OK | |
r-devel-linux-x86_64-fedora-clang | 0.1.1 | 69.23 | NOTE | |||
r-devel-linux-x86_64-fedora-gcc | 0.1.1 | 71.10 | OK | |||
r-devel-windows-x86_64 | 0.1.1 | 16.00 | 44.00 | 60.00 | NOTE | |
r-patched-linux-x86_64 | 0.1.1 | 16.18 | 30.59 | 46.77 | OK | |
r-release-linux-x86_64 | 0.1.1 | 15.45 | 32.27 | 47.72 | OK | |
r-release-macos-arm64 | 0.1.1 | 29.00 | NOTE | |||
r-release-windows-x86_64 | 0.1.1 | 16.00 | 43.00 | 59.00 | NOTE | |
r-oldrel-macos-arm64 | 0.1.1 | 29.00 | NOTE | |||
r-oldrel-macos-x86_64 | 0.1.1 | 51.00 | NOTE | |||
r-oldrel-windows-x86_64 | 0.1.1 | 19.00 | 46.00 | 65.00 | NOTE |
Version: 0.1.1
Check: installed package size
Result: NOTE
installed size is 5.3Mb
sub-directories of 1Mb or more:
data 5.2Mb
Flavors: r-devel-linux-x86_64-fedora-clang, r-devel-windows-x86_64, r-release-macos-arm64, r-release-windows-x86_64, r-oldrel-macos-arm64, r-oldrel-macos-x86_64, r-oldrel-windows-x86_64