CRAN Package Check Results for Package textTinyR

Last updated on 2021-04-16 22:51:15 CEST.

Flavor Version Tinstall Tcheck Ttotal Status Flags
r-devel-linux-x86_64-debian-clang 1.1.3 138.56 154.24 292.80 NOTE
r-devel-linux-x86_64-debian-gcc 1.1.3 98.57 118.52 217.09 NOTE
r-devel-linux-x86_64-fedora-clang 1.1.3 394.33 NOTE
r-devel-linux-x86_64-fedora-gcc 1.1.3 374.76 NOTE
r-devel-windows-ix86+x86_64 1.1.3 286.00 192.00 478.00 NOTE
r-devel-windows-x86_64-gcc10-UCRT 1.1.3 NOTE
r-patched-linux-x86_64 1.1.3 114.39 139.84 254.23 OK
r-patched-solaris-x86 1.1.3 447.60 OK
r-release-linux-x86_64 1.1.3 117.89 137.11 255.00 OK
r-release-macos-x86_64 1.1.3 NOTE
r-release-windows-ix86+x86_64 1.1.3 246.00 244.00 490.00 NOTE
r-oldrel-macos-x86_64 1.1.3 NOTE
r-oldrel-windows-ix86+x86_64 1.1.3 194.00 206.00 400.00 OK

Check Details

Version: 1.1.3
Check: LazyData
Result: NOTE
     'LazyData' is specified without a 'data' directory
Flavors: r-devel-linux-x86_64-debian-clang, r-devel-linux-x86_64-debian-gcc, r-devel-linux-x86_64-fedora-clang, r-devel-linux-x86_64-fedora-gcc, r-devel-windows-ix86+x86_64, r-devel-windows-x86_64-gcc10-UCRT

Version: 1.1.3
Check: installed package size
Result: NOTE
     installed size is 17.4Mb
     sub-directories of 1Mb or more:
     libs 15.9Mb
Flavors: r-devel-linux-x86_64-fedora-clang, r-devel-windows-ix86+x86_64, r-release-macos-x86_64, r-release-windows-ix86+x86_64, r-oldrel-macos-x86_64