Last updated on 2023-06-07 22:02:57 CEST.
Flavor | Version | Tinstall | Tcheck | Ttotal | Status | Flags |
---|---|---|---|---|---|---|
r-devel-linux-x86_64-debian-clang | 0.9.3 | 15.60 | 53.53 | 69.13 | OK | |
r-devel-linux-x86_64-debian-gcc | 0.9.3 | 12.12 | 40.10 | 52.22 | OK | |
r-devel-linux-x86_64-fedora-clang | 0.9.3 | 88.99 | NOTE | |||
r-devel-linux-x86_64-fedora-gcc | 0.9.3 | 81.33 | OK | |||
r-devel-windows-x86_64 | 0.9.3 | 15.00 | 69.00 | 84.00 | OK | |
r-patched-linux-x86_64 | 0.9.3 | 14.45 | 50.19 | 64.64 | OK | |
r-release-linux-x86_64 | 0.9.3 | 10.61 | 50.15 | 60.76 | OK | |
r-release-macos-arm64 | 0.9.3 | 37.00 | OK | |||
r-release-macos-x86_64 | 0.9.3 | 52.00 | OK | |||
r-release-windows-x86_64 | 0.9.3 | 18.00 | 75.00 | 93.00 | OK | |
r-oldrel-macos-arm64 | 0.9.3 | 34.00 | NOTE | |||
r-oldrel-macos-x86_64 | 0.9.3 | 47.00 | NOTE | |||
r-oldrel-windows-x86_64 | 0.9.3 | 19.00 | 68.00 | 87.00 | OK |
Version: 0.9.3
Check: Rd cross-references
Result: NOTE
Undeclared package ‘gsubfn’ in Rd xrefs
Flavor: r-devel-linux-x86_64-fedora-clang
Version: 0.9.3
Check: dependencies in R code
Result: NOTE
Namespace in Imports field not imported from: ‘lexicon’
All declared Imports should be used.
Flavors: r-oldrel-macos-arm64, r-oldrel-macos-x86_64