Last updated on 2024-03-27 22:58:01 CET.
Flavor | Version | Tinstall | Tcheck | Ttotal | Status | Flags |
---|---|---|---|---|---|---|
r-devel-linux-x86_64-debian-clang | 0.4.4 | 7.51 | 54.00 | 61.51 | NOTE | |
r-devel-linux-x86_64-debian-gcc | 0.4.4 | 5.28 | 41.13 | 46.41 | NOTE | |
r-devel-linux-x86_64-fedora-clang | 0.4.4 | 75.29 | NOTE | |||
r-devel-linux-x86_64-fedora-gcc | 0.4.4 | 85.60 | NOTE | |||
r-devel-windows-x86_64 | 0.4.4 | 6.00 | 70.00 | 76.00 | NOTE | |
r-patched-linux-x86_64 | 0.4.4 | 5.04 | 50.88 | 55.92 | OK | |
r-release-linux-x86_64 | 0.4.4 | 4.69 | 51.29 | 55.98 | OK | |
r-release-macos-arm64 | 0.4.4 | 32.00 | OK | |||
r-release-macos-x86_64 | 0.4.4 | 48.00 | OK | |||
r-release-windows-x86_64 | 0.4.4 | 8.00 | 70.00 | 78.00 | OK | |
r-oldrel-macos-arm64 | 0.4.4 | 23.00 | OK | |||
r-oldrel-windows-x86_64 | 0.4.4 | 8.00 | 67.00 | 75.00 | OK |
Version: 0.4.4
Check: Rd files
Result: NOTE
checkRd: (-1) lexicon_afinn.Rd:48: Lost braces; missing escapes or markup?
48 | ``A new {ANEW:} Evaluation of a word list for sentiment analysis in
| ^
checkRd: (-1) lexicon_afinn.Rd:54: Lost braces; missing escapes or markup?
54 | title = \{A new {ANEW:} Evaluation of a word list for sentiment analysis in microblogs\}, \cr
| ^
Flavors: r-devel-linux-x86_64-debian-clang, r-devel-linux-x86_64-debian-gcc, r-devel-linux-x86_64-fedora-clang, r-devel-linux-x86_64-fedora-gcc, r-devel-windows-x86_64