Last updated on 2021-04-10 22:52:41 CEST.
Flavor | Version | Tinstall | Tcheck | Ttotal | Status | Flags |
---|---|---|---|---|---|---|
r-devel-linux-x86_64-debian-clang | 0.3.3 | 11.52 | 46.59 | 58.11 | NOTE | |
r-devel-linux-x86_64-debian-gcc | 0.3.3 | 10.22 | 36.03 | 46.25 | NOTE | |
r-devel-linux-x86_64-fedora-clang | 0.3.3 | 79.70 | NOTE | |||
r-devel-linux-x86_64-fedora-gcc | 0.3.3 | 67.85 | NOTE | |||
r-devel-windows-ix86+x86_64 | 0.3.3 | 16.00 | 45.00 | 61.00 | NOTE | |
r-devel-windows-x86_64-gcc10-UCRT | 0.3.3 | NOTE | ||||
r-patched-linux-x86_64 | 0.3.3 | 12.58 | 43.37 | 55.95 | OK | |
r-patched-solaris-x86 | 0.3.3 | 122.80 | OK | |||
r-release-linux-x86_64 | 0.3.3 | 10.88 | 43.15 | 54.03 | OK | |
r-release-macos-x86_64 | 0.3.3 | OK | ||||
r-release-windows-ix86+x86_64 | 0.3.3 | 28.00 | 62.00 | 90.00 | OK | |
r-oldrel-macos-x86_64 | 0.3.3 | OK | ||||
r-oldrel-windows-ix86+x86_64 | 0.3.3 | 22.00 | 44.00 | 66.00 | OK |
Version: 0.3.3
Check: LazyData
Result: NOTE
'LazyData' is specified without a 'data' directory
Flavors: r-devel-linux-x86_64-debian-clang, r-devel-linux-x86_64-debian-gcc, r-devel-linux-x86_64-fedora-clang, r-devel-linux-x86_64-fedora-gcc, r-devel-windows-ix86+x86_64, r-devel-windows-x86_64-gcc10-UCRT