Last updated on 2024-03-27 22:58:01 CET.
Flavor | Version | Tinstall | Tcheck | Ttotal | Status | Flags |
---|---|---|---|---|---|---|
r-devel-linux-x86_64-debian-clang | 3.0.5 | 121.02 | 391.67 | 512.69 | NOTE | |
r-devel-linux-x86_64-debian-gcc | 3.0.5 | 88.75 | 288.37 | 377.12 | NOTE | |
r-devel-linux-x86_64-fedora-clang | 3.0.5 | 680.41 | NOTE | |||
r-devel-linux-x86_64-fedora-gcc | 3.0.5 | 723.31 | NOTE | |||
r-devel-windows-x86_64 | 3.0.5 | 90.00 | 374.00 | 464.00 | NOTE | |
r-patched-linux-x86_64 | 3.0.5 | 110.98 | 386.21 | 497.19 | NOTE | |
r-release-linux-x86_64 | 3.0.5 | 118.91 | 383.38 | 502.29 | NOTE | |
r-release-macos-arm64 | 3.0.5 | 229.00 | NOTE | |||
r-release-macos-x86_64 | 3.0.5 | 363.00 | NOTE | |||
r-release-windows-x86_64 | 3.0.5 | 110.00 | 458.00 | 568.00 | NOTE | |
r-oldrel-macos-arm64 | 3.0.5 | 180.00 | NOTE | |||
r-oldrel-windows-x86_64 | 3.0.5 | 110.00 | 456.00 | 566.00 | OK |
Version: 3.0.5
Check: C++ specification
Result: NOTE
Specified C++11: please drop specification unless essential
Flavors: r-devel-linux-x86_64-debian-clang, r-devel-linux-x86_64-debian-gcc, r-devel-linux-x86_64-fedora-clang, r-devel-linux-x86_64-fedora-gcc, r-devel-windows-x86_64, r-patched-linux-x86_64, r-release-linux-x86_64, r-release-macos-arm64, r-release-macos-x86_64, r-release-windows-x86_64
Version: 3.0.5
Check: Rd cross-references
Result: NOTE
Undeclared package ‘tm’ in Rd xrefs
Flavor: r-devel-linux-x86_64-fedora-clang
Version: 3.0.5
Check: installed package size
Result: NOTE
installed size is 5.4Mb
sub-directories of 1Mb or more:
libs 3.5Mb
Flavors: r-release-macos-arm64, r-release-macos-x86_64, r-oldrel-macos-arm64