Last updated on 2021-03-03 22:51:29 CET.
Flavor | Version | Tinstall | Tcheck | Ttotal | Status | Flags |
---|---|---|---|---|---|---|
r-devel-linux-x86_64-debian-clang | 1.0.2 | 3.77 | 37.03 | 40.80 | OK | |
r-devel-linux-x86_64-debian-gcc | 1.0.2 | 3.07 | 28.05 | 31.12 | OK | |
r-devel-linux-x86_64-fedora-clang | 1.0.2 | 58.76 | OK | |||
r-devel-linux-x86_64-fedora-gcc | 1.0.2 | 47.37 | OK | |||
r-devel-windows-ix86+x86_64 | 1.0.2 | 8.00 | 48.00 | 56.00 | OK | |
r-patched-linux-x86_64 | 1.0.2 | 3.38 | 34.63 | 38.01 | OK | |
r-patched-solaris-x86 | 1.0.2 | 75.50 | NOTE | |||
r-release-linux-x86_64 | 1.0.2 | 3.41 | 34.70 | 38.11 | OK | |
r-release-macos-x86_64 | 1.0.2 | OK | ||||
r-release-windows-ix86+x86_64 | 1.0.2 | 7.00 | 45.00 | 52.00 | OK | |
r-oldrel-macos-x86_64 | 1.0.2 | OK | ||||
r-oldrel-windows-ix86+x86_64 | 1.0.2 | 6.00 | 52.00 | 58.00 | OK |
Version: 1.0.2
Check: package dependencies
Result: NOTE
Package suggested but not available for checking: ‘tesseract’
Flavor: r-patched-solaris-x86