CRAN Package Check Results for Package textshaping

Last updated on 2021-04-13 22:54:00 CEST.

Flavor Version Tinstall Tcheck Ttotal Status Flags
r-devel-linux-x86_64-debian-clang 0.3.3 17.22 23.33 40.55 NOTE
r-devel-linux-x86_64-debian-gcc 0.3.3 11.92 18.38 30.30 NOTE
r-devel-linux-x86_64-fedora-clang 0.3.3 66.92 NOTE
r-devel-linux-x86_64-fedora-gcc 0.3.3 52.13 NOTE
r-devel-windows-ix86+x86_64 0.3.3 53.00 61.00 114.00 NOTE
r-devel-windows-x86_64-gcc10-UCRT 0.3.3 NOTE
r-patched-linux-x86_64 0.3.3 15.08 22.57 37.65 OK
r-patched-solaris-x86 0.3.3 58.70 OK
r-release-linux-x86_64 0.3.3 14.30 22.53 36.83 OK
r-release-macos-x86_64 0.3.3 OK
r-release-windows-ix86+x86_64 0.3.3 39.00 60.00 99.00 OK
r-oldrel-macos-x86_64 0.3.3 OK
r-oldrel-windows-ix86+x86_64 0.3.3 51.00 51.00 102.00 NOTE

Check Details

Version: 0.3.3
Check: LazyData
Result: NOTE
     'LazyData' is specified without a 'data' directory
Flavors: r-devel-linux-x86_64-debian-clang, r-devel-linux-x86_64-debian-gcc, r-devel-linux-x86_64-fedora-clang, r-devel-linux-x86_64-fedora-gcc, r-devel-windows-ix86+x86_64, r-devel-windows-x86_64-gcc10-UCRT

Version: 0.3.3
Check: installed package size
Result: NOTE
     installed size is 5.2Mb
     sub-directories of 1Mb or more:
     libs 5.0Mb
Flavor: r-oldrel-windows-ix86+x86_64