Last updated on 2023-12-07 21:56:04 CET.
Flavor | Version | Tinstall | Tcheck | Ttotal | Status | Flags |
---|---|---|---|---|---|---|
r-devel-linux-x86_64-debian-clang | 0.3-2 | 2.32 | 30.83 | 33.15 | OK | |
r-devel-linux-x86_64-debian-gcc | 0.3-2 | 1.73 | 23.92 | 25.65 | OK | |
r-devel-linux-x86_64-fedora-clang | 0.3-2 | 43.56 | OK | |||
r-devel-linux-x86_64-fedora-gcc | 0.3-2 | 52.33 | OK | |||
r-devel-windows-x86_64 | 0.3-2 | 3.00 | 60.00 | 63.00 | OK | |
r-patched-linux-x86_64 | 0.3-2 | 2.66 | 30.14 | 32.80 | OK | |
r-release-linux-x86_64 | 0.3-2 | 2.59 | 30.19 | 32.78 | OK | |
r-release-macos-arm64 | 0.3-2 | 25.00 | OK | |||
r-release-macos-x86_64 | 0.3-2 | 33.00 | NOTE | |||
r-release-windows-x86_64 | 0.3-2 | 4.00 | 60.00 | 64.00 | OK | |
r-oldrel-macos-arm64 | 0.3-2 | 26.00 | OK | |||
r-oldrel-macos-x86_64 | 0.3-2 | 42.00 | OK | |||
r-oldrel-windows-x86_64 | 0.3-2 | 19.00 | 72.00 | 91.00 | OK |
Version: 0.3-2
Check: re-building of vignette outputs
Result: NOTE
Error(s) in re-building vignettes:
...
--- re-building ‘btable.Rnw’ using Sweave
Loading required package: textutils
Error: processing vignette 'btable.Rnw' failed with diagnostics:
Running 'texi2dvi' on 'btable.tex' failed.
LaTeX errors:
! LaTeX Error: File `DejaVuSansMono.sty' not found.
Type X to quit or <RETURN> to proceed,
or enter new name. (Default extension: sty)
! Emergency stop.
<read *>
l.7 \usepackage
[T1]{fontenc}^^M
! ==> Fatal error occurred, no output PDF file produced!
--- failed re-building 'btable.Rnw'
SUMMARY: processing the following file failed:
'btable.Rnw'
Error: Vignette re-building failed.
Execution halted
Flavor: r-release-macos-x86_64