Last updated on 2023-09-30 22:59:21 CEST.
Flavor | Version | Tinstall | Tcheck | Ttotal | Status | Flags |
---|---|---|---|---|---|---|
r-devel-linux-x86_64-debian-clang | 0.10.0 | 10.40 | 112.37 | 122.77 | NOTE | |
r-devel-linux-x86_64-debian-gcc | 0.10.0 | 9.23 | 85.76 | 94.99 | NOTE | |
r-devel-linux-x86_64-fedora-clang | 0.10.0 | 160.47 | NOTE | |||
r-devel-linux-x86_64-fedora-gcc | 0.10.0 | 171.22 | NOTE | |||
r-devel-windows-x86_64 | 0.10.0 | 13.00 | 173.00 | 186.00 | NOTE | |
r-patched-linux-x86_64 | 0.10.0 | 13.69 | 110.19 | 123.88 | NOTE | |
r-release-linux-x86_64 | 0.10.0 | 10.15 | 111.20 | 121.35 | NOTE | |
r-release-macos-arm64 | 0.10.0 | 52.00 | NOTE | |||
r-release-macos-x86_64 | 0.10.0 | 86.00 | NOTE | |||
r-release-windows-x86_64 | 0.10.0 | 15.00 | 170.00 | 185.00 | NOTE | |
r-oldrel-macos-arm64 | 0.10.0 | 39.00 | NOTE | |||
r-oldrel-macos-x86_64 | 0.10.0 | 81.00 | NOTE | |||
r-oldrel-windows-x86_64 | 0.10.0 | 16.00 | 140.00 | 156.00 | NOTE |
Version: 0.10.0
Check: LazyData
Result: NOTE
'LazyData' is specified without a 'data' directory
Flavors: r-devel-linux-x86_64-debian-clang, r-devel-linux-x86_64-debian-gcc, r-devel-linux-x86_64-fedora-clang, r-devel-linux-x86_64-fedora-gcc, r-devel-windows-x86_64, r-patched-linux-x86_64, r-release-linux-x86_64, r-release-macos-arm64, r-release-macos-x86_64, r-release-windows-x86_64, r-oldrel-macos-arm64, r-oldrel-macos-x86_64, r-oldrel-windows-x86_64