Last updated on 2021-04-12 22:51:19 CEST.
Flavor | Version | Tinstall | Tcheck | Ttotal | Status | Flags |
---|---|---|---|---|---|---|
r-devel-linux-x86_64-debian-clang | 1.9.1 | 11.05 | 107.11 | 118.16 | NOTE | |
r-devel-linux-x86_64-debian-gcc | 1.9.1 | 9.81 | 79.79 | 89.60 | NOTE | |
r-devel-linux-x86_64-fedora-clang | 1.9.1 | 150.07 | NOTE | |||
r-devel-linux-x86_64-fedora-gcc | 1.9.1 | 148.34 | NOTE | |||
r-devel-windows-ix86+x86_64 | 1.9.1 | 23.00 | 137.00 | 160.00 | NOTE | |
r-devel-windows-x86_64-gcc10-UCRT | 1.9.1 | NOTE | ||||
r-patched-linux-x86_64 | 1.9.1 | 8.88 | 97.62 | 106.50 | OK | |
r-patched-solaris-x86 | 1.9.1 | 206.40 | OK | |||
r-release-linux-x86_64 | 1.9.1 | 8.24 | 97.19 | 105.43 | OK | |
r-release-macos-x86_64 | 1.9.1 | OK | ||||
r-release-windows-ix86+x86_64 | 1.9.1 | 29.00 | 136.00 | 165.00 | OK | |
r-oldrel-macos-x86_64 | 1.9.1 | OK | ||||
r-oldrel-windows-ix86+x86_64 | 1.9.1 | 15.00 | 101.00 | 116.00 | OK |
Version: 1.9.1
Check: LazyData
Result: NOTE
'LazyData' is specified without a 'data' directory
Flavors: r-devel-linux-x86_64-debian-clang, r-devel-linux-x86_64-debian-gcc, r-devel-linux-x86_64-fedora-clang, r-devel-linux-x86_64-fedora-gcc, r-devel-windows-ix86+x86_64, r-devel-windows-x86_64-gcc10-UCRT