Last updated on 2023-09-26 23:04:28 CEST.
Flavor | Version | Tinstall | Tcheck | Ttotal | Status | Flags |
---|---|---|---|---|---|---|
r-devel-linux-x86_64-debian-clang | 0.0.2 | 134.97 | 73.72 | 208.69 | OK | |
r-devel-linux-x86_64-debian-gcc | 0.0.2 | 98.17 | 54.13 | 152.30 | OK | |
r-devel-linux-x86_64-fedora-clang | 0.0.2 | 304.71 | OK | |||
r-devel-linux-x86_64-fedora-gcc | 0.0.2 | 338.67 | OK | |||
r-devel-windows-x86_64 | 0.0.2 | 129.00 | 137.00 | 266.00 | OK | |
r-patched-linux-x86_64 | 0.0.2 | 147.84 | 72.08 | 219.92 | OK | |
r-release-linux-x86_64 | 0.0.2 | 132.06 | 70.24 | 202.30 | OK | |
r-release-macos-arm64 | 0.0.2 | 82.00 | NOTE | |||
r-release-macos-x86_64 | 0.0.2 | 144.00 | NOTE | |||
r-release-windows-x86_64 | 0.0.2 | 153.00 | 143.00 | 296.00 | OK | |
r-oldrel-macos-arm64 | 0.0.2 | 65.00 | NOTE | |||
r-oldrel-macos-x86_64 | 0.0.2 | 92.00 | NOTE | |||
r-oldrel-windows-x86_64 | 0.0.2 | 132.00 | 134.00 | 266.00 | OK |
Version: 0.0.2
Check: installed package size
Result: NOTE
installed size is 29.3Mb
sub-directories of 1Mb or more:
libs 29.0Mb
Flavors: r-release-macos-arm64, r-release-macos-x86_64, r-oldrel-macos-arm64, r-oldrel-macos-x86_64