Last updated on 2023-09-23 23:01:00 CEST.
Flavor | Version | Tinstall | Tcheck | Ttotal | Status | Flags |
---|---|---|---|---|---|---|
r-devel-linux-x86_64-debian-clang | 0.4.1 | 9.91 | 93.43 | 103.34 | NOTE | |
r-devel-linux-x86_64-debian-gcc | 0.4.1 | 8.09 | 71.09 | 79.18 | NOTE | |
r-devel-linux-x86_64-fedora-clang | 0.4.1 | 126.51 | NOTE | |||
r-devel-linux-x86_64-fedora-gcc | 0.4.1 | 147.74 | NOTE | |||
r-devel-windows-x86_64 | 0.4.1 | 11.00 | 87.00 | 98.00 | NOTE | |
r-patched-linux-x86_64 | 0.4.1 | 9.14 | 90.13 | 99.27 | NOTE | |
r-release-linux-x86_64 | 0.4.1 | 8.78 | 91.93 | 100.71 | NOTE | |
r-release-macos-arm64 | 0.4.1 | 47.00 | NOTE | |||
r-release-macos-x86_64 | 0.4.1 | 76.00 | NOTE | |||
r-release-windows-x86_64 | 0.4.1 | 13.00 | 104.00 | 117.00 | NOTE | |
r-oldrel-macos-arm64 | 0.4.1 | 34.00 | NOTE | |||
r-oldrel-macos-x86_64 | 0.4.1 | 70.00 | NOTE | |||
r-oldrel-windows-x86_64 | 0.4.1 | 13.00 | 99.00 | 112.00 | NOTE |
Version: 0.4.1
Check: LazyData
Result: NOTE
'LazyData' is specified without a 'data' directory
Flavors: r-devel-linux-x86_64-debian-clang, r-devel-linux-x86_64-debian-gcc, r-devel-linux-x86_64-fedora-clang, r-devel-linux-x86_64-fedora-gcc, r-devel-windows-x86_64, r-patched-linux-x86_64, r-release-linux-x86_64, r-release-macos-arm64, r-release-macos-x86_64, r-release-windows-x86_64, r-oldrel-macos-arm64, r-oldrel-macos-x86_64, r-oldrel-windows-x86_64