CRAN Package Check Results for Package tfprobability

Last updated on 2024-07-16 22:48:48 CEST.

Flavor Version Tinstall Tcheck Ttotal Status Flags
r-devel-linux-x86_64-debian-clang 0.15.1 17.48 237.32 254.80 NOTE
r-devel-linux-x86_64-debian-gcc 0.15.1 13.08 169.64 182.72 NOTE
r-devel-linux-x86_64-fedora-clang 0.15.1 306.81 NOTE
r-devel-linux-x86_64-fedora-gcc 0.15.1 299.50 NOTE
r-devel-windows-x86_64 0.15.1 19.00 284.00 303.00 NOTE
r-patched-linux-x86_64 0.15.1 53.47 218.10 271.57 NOTE
r-release-linux-x86_64 0.15.1 17.34 221.78 239.12 NOTE
r-release-macos-arm64 0.15.1 81.00 NOTE
r-release-macos-x86_64 0.15.1 123.00 NOTE
r-release-windows-x86_64 0.15.1 18.00 316.00 334.00 NOTE
r-oldrel-macos-arm64 0.15.1 91.00 OK
r-oldrel-macos-x86_64 0.15.1 148.00 OK
r-oldrel-windows-x86_64 0.15.1 25.00 333.00 358.00 OK

Additional issues

donttest

Check Details

Version: 0.15.1
Check: Rd files
Result: NOTE checkRd: (-1) tfd_von_mises_fisher.Rd:63: Lost braces; missing escapes or markup? 63 | NOTE: Currently only n in {2, 3, 4, 5} are supported. For n=5 some numerical | ^ Flavors: r-devel-linux-x86_64-debian-clang, r-devel-linux-x86_64-debian-gcc, r-devel-linux-x86_64-fedora-clang, r-devel-linux-x86_64-fedora-gcc, r-devel-windows-x86_64, r-patched-linux-x86_64, r-release-linux-x86_64, r-release-macos-arm64, r-release-macos-x86_64, r-release-windows-x86_64

Version: 0.15.1
Check: Rd cross-references
Result: NOTE Found the following Rd file(s) with Rd \link{} targets missing package anchors: initializer_blockwise.Rd: initializer_constant Please provide package anchors for all Rd \link{} targets not in the package itself and the base packages. Flavor: r-devel-windows-x86_64