CRAN Package Check Results for Package tfse

Last updated on 2021-04-13 22:54:00 CEST.

Flavor Version Tinstall Tcheck Ttotal Status Flags
r-devel-linux-x86_64-debian-clang 0.5.0 3.65 31.46 35.11 NOTE
r-devel-linux-x86_64-debian-gcc 0.5.0 2.95 24.68 27.63 NOTE
r-devel-linux-x86_64-fedora-clang 0.5.0 51.92 NOTE
r-devel-linux-x86_64-fedora-gcc 0.5.0 51.18 NOTE
r-devel-windows-ix86+x86_64 0.5.0 7.00 49.00 56.00 NOTE
r-devel-windows-x86_64-gcc10-UCRT 0.5.0 NOTE
r-patched-linux-x86_64 0.5.0 3.43 29.96 33.39 OK
r-patched-solaris-x86 0.5.0 60.30 OK
r-release-linux-x86_64 0.5.0 3.14 30.22 33.36 OK
r-release-macos-x86_64 0.5.0 OK
r-release-windows-ix86+x86_64 0.5.0 5.00 48.00 53.00 OK
r-oldrel-macos-x86_64 0.5.0 OK
r-oldrel-windows-ix86+x86_64 0.5.0 6.00 36.00 42.00 OK

Check Details

Version: 0.5.0
Check: LazyData
Result: NOTE
     'LazyData' is specified without a 'data' directory
Flavors: r-devel-linux-x86_64-debian-clang, r-devel-linux-x86_64-debian-gcc, r-devel-linux-x86_64-fedora-clang, r-devel-linux-x86_64-fedora-gcc, r-devel-windows-ix86+x86_64, r-devel-windows-x86_64-gcc10-UCRT