CRAN Package Check Results for Package tgp

Last updated on 2020-07-11 22:50:19 CEST.

Flavor Version Tinstall Tcheck Ttotal Status Flags
r-devel-linux-x86_64-debian-clang 2.4-14 31.90 278.13 310.03 OK --no-vignettes
r-devel-linux-x86_64-debian-gcc 2.4-14 22.15 205.96 228.11 OK --no-vignettes
r-devel-linux-x86_64-fedora-gcc 2.4-14 363.59 NOTE --no-vignettes
r-devel-windows-ix86+x86_64 2.4-14 78.00 89.00 167.00 OK --no-examples --no-tests --no-vignettes
r-patched-linux-x86_64 2.4-14 23.83 277.88 301.71 OK --no-vignettes
r-patched-solaris-x86 2.4-14 448.70 OK --no-vignettes
r-release-linux-x86_64 2.4-14 25.21 270.55 295.76 OK --no-vignettes
r-release-macos-x86_64 2.4-14 OK --no-vignettes
r-release-windows-ix86+x86_64 2.4-14 90.00 66.00 156.00 OK --no-examples --no-tests --no-vignettes
r-oldrel-macos-x86_64 2.4-14 OK --no-vignettes
r-oldrel-windows-ix86+x86_64 2.4-14 89.00 78.00 167.00 OK --no-examples --no-tests --no-vignettes

Check Details

Version: 2.4-14
Flags: --no-vignettes
Check: compiled code
Result: NOTE
    File ‘tgp/libs/tgp.so’:
     Found no calls to: ‘R_registerRoutines’, ‘R_useDynamicSymbols’
    
    It is good practice to register native routines and to disable symbol
    search.
    
    See ‘Writing portable packages’ in the ‘Writing R Extensions’ manual.
Flavor: r-devel-linux-x86_64-fedora-gcc