CRAN Package Check Results for Package tgp

Last updated on 2019-06-16 22:49:43 CEST.

Flavor Version Tinstall Tcheck Ttotal Status Flags
r-devel-linux-x86_64-debian-clang 2.4-14 28.76 281.50 310.26 OK --no-vignettes
r-devel-linux-x86_64-debian-gcc 2.4-14 19.08 211.71 230.79 OK --no-vignettes
r-devel-linux-x86_64-fedora-clang 2.4-14 398.81 NOTE --no-vignettes
r-devel-linux-x86_64-fedora-gcc 2.4-14 374.93 NOTE --no-vignettes
r-devel-windows-ix86+x86_64 2.4-14 86.00 62.00 148.00 OK --no-examples --no-tests --no-vignettes
r-patched-linux-x86_64 2.4-14 22.27 278.93 301.20 OK --no-vignettes
r-patched-solaris-x86 2.4-14 447.30 OK --no-vignettes
r-release-linux-x86_64 2.4-14 23.06 280.30 303.36 OK --no-vignettes
r-release-windows-ix86+x86_64 2.4-14 63.00 79.00 142.00 OK --no-examples --no-tests --no-vignettes
r-release-osx-x86_64 2.4-14 OK --no-vignettes
r-oldrel-windows-ix86+x86_64 2.4-14 61.00 82.00 143.00 OK --no-examples --no-tests --no-vignettes
r-oldrel-osx-x86_64 2.4-14 OK --no-vignettes

Check Details

Version: 2.4-14
Flags: --no-vignettes
Check: compiled code
Result: NOTE
    File ‘tgp/libs/tgp.so’:
     Found no calls to: ‘R_registerRoutines’, ‘R_useDynamicSymbols’
    
    It is good practice to register native routines and to disable symbol
    search.
    
    See ‘Writing portable packages’ in the ‘Writing R Extensions’ manual.
Flavors: r-devel-linux-x86_64-fedora-clang, r-devel-linux-x86_64-fedora-gcc