CRAN Package Check Results for Package tgp

Last updated on 2018-09-23 22:47:17 CEST.

Flavor Version Tinstall Tcheck Ttotal Status Flags
r-devel-linux-x86_64-debian-clang 2.4-14 24.35 303.26 327.61 OK --no-vignettes
r-devel-linux-x86_64-debian-gcc 2.4-14 20.38 237.54 257.92 OK --no-vignettes
r-devel-linux-x86_64-fedora-clang 2.4-14 416.56 NOTE --no-vignettes
r-devel-linux-x86_64-fedora-gcc 2.4-14 390.79 NOTE --no-vignettes
r-devel-windows-ix86+x86_64 2.4-14 82.00 60.00 142.00 OK --no-examples --no-tests --no-vignettes
r-patched-linux-x86_64 2.4-14 23.99 294.08 318.07 OK --no-vignettes
r-patched-solaris-x86 2.4-14 412.90 OK --no-vignettes
r-release-linux-x86_64 2.4-14 24.61 293.99 318.60 OK --no-vignettes
r-release-windows-ix86+x86_64 2.4-14 62.00 77.00 139.00 OK --no-examples --no-tests --no-vignettes
r-release-osx-x86_64 2.4-14 OK --no-vignettes
r-oldrel-windows-ix86+x86_64 2.4-14 59.00 83.00 142.00 OK --no-examples --no-tests --no-vignettes
r-oldrel-osx-x86_64 2.4-14 OK --no-vignettes

Check Details

Version: 2.4-14
Flags: --no-vignettes
Check: compiled code
Result: NOTE
    File ‘tgp/libs/tgp.so’:
     Found no calls to: ‘R_registerRoutines’, ‘R_useDynamicSymbols’
    
    It is good practice to register native routines and to disable symbol
    search.
    
    See ‘Writing portable packages’ in the ‘Writing R Extensions’ manual.
Flavors: r-devel-linux-x86_64-fedora-clang, r-devel-linux-x86_64-fedora-gcc