CRAN Package Check Results for Package tgp

Last updated on 2019-08-21 22:48:52 CEST.

Flavor Version Tinstall Tcheck Ttotal Status Flags
r-devel-linux-x86_64-debian-clang 2.4-14 27.74 280.19 307.93 OK --no-vignettes
r-devel-linux-x86_64-debian-gcc 2.4-14 OK --no-vignettes
r-devel-linux-x86_64-fedora-clang 2.4-14 382.77 NOTE --no-vignettes
r-devel-linux-x86_64-fedora-gcc 2.4-14 364.83 NOTE --no-vignettes
r-devel-windows-ix86+x86_64 2.4-14 104.00 125.00 229.00 OK --no-examples --no-tests --no-vignettes
r-patched-linux-x86_64 2.4-14 22.14 284.75 306.89 OK --no-vignettes
r-patched-solaris-x86 2.4-14 450.40 OK --no-vignettes
r-release-linux-x86_64 2.4-14 21.33 285.81 307.14 OK --no-vignettes
r-release-windows-ix86+x86_64 2.4-14 63.00 61.00 124.00 OK --no-examples --no-tests --no-vignettes
r-release-osx-x86_64 2.4-14 OK --no-vignettes
r-oldrel-windows-ix86+x86_64 2.4-14 86.00 84.00 170.00 OK --no-examples --no-tests --no-vignettes
r-oldrel-osx-x86_64 2.4-14 OK --no-vignettes

Check Details

Version: 2.4-14
Flags: --no-vignettes
Check: compiled code
Result: NOTE
    File ‘tgp/libs/tgp.so’:
     Found no calls to: ‘R_registerRoutines’, ‘R_useDynamicSymbols’
    
    It is good practice to register native routines and to disable symbol
    search.
    
    See ‘Writing portable packages’ in the ‘Writing R Extensions’ manual.
Flavors: r-devel-linux-x86_64-fedora-clang, r-devel-linux-x86_64-fedora-gcc