CRAN Package Check Results for Package tgp

Last updated on 2018-06-24 22:49:44 CEST.

Flavor Version Tinstall Tcheck Ttotal Status Flags
r-devel-linux-x86_64-debian-clang 2.4-14 26.00 295.97 321.97 NOTE --no-vignettes
r-devel-linux-x86_64-debian-gcc 2.4-14 20.64 222.94 243.58 NOTE --no-vignettes
r-devel-linux-x86_64-fedora-clang 2.4-14 405.74 NOTE --no-vignettes
r-devel-linux-x86_64-fedora-gcc 2.4-14 386.54 NOTE --no-vignettes
r-devel-windows-ix86+x86_64 2.4-14 83.00 57.00 140.00 OK --no-examples --no-tests --no-vignettes
r-patched-linux-x86_64 2.4-14 26.21 299.23 325.44 NOTE --no-vignettes
r-patched-solaris-x86 2.4-14 408.70 OK --no-vignettes
r-release-linux-x86_64 2.4-14 24.93 293.66 318.59 NOTE --no-vignettes
r-release-windows-ix86+x86_64 2.4-14 85.00 91.00 176.00 OK --no-examples --no-tests --no-vignettes
r-release-osx-x86_64 2.4-14 OK --no-vignettes
r-oldrel-windows-ix86+x86_64 2.4-14 84.00 72.00 156.00 OK --no-examples --no-tests --no-vignettes
r-oldrel-osx-x86_64 2.4-14 OK --no-vignettes

Check Details

Version: 2.4-14
Flags: --no-vignettes
Check: compiled code
Result: NOTE
    File ‘tgp/libs/tgp.so’:
     Found no calls to: ‘R_registerRoutines’, ‘R_useDynamicSymbols’
    
    It is good practice to register native routines and to disable symbol
    search.
    
    See ‘Writing portable packages’ in the ‘Writing R Extensions’ manual.
Flavors: r-devel-linux-x86_64-debian-clang, r-devel-linux-x86_64-debian-gcc, r-devel-linux-x86_64-fedora-clang, r-devel-linux-x86_64-fedora-gcc, r-patched-linux-x86_64, r-release-linux-x86_64