CRAN Package Check Results for Package tgp

Last updated on 2017-11-24 22:51:49 CET.

Flavor Version Tinstall Tcheck Ttotal Status Flags
r-devel-linux-x86_64-debian-clang 2.4-14 17.46 396.33 413.79 NOTE --no-vignettes
r-devel-linux-x86_64-debian-gcc 2.4-14 14.70 331.03 345.73 NOTE --no-vignettes
r-devel-linux-x86_64-fedora-clang 2.4-14 392.77 NOTE --no-vignettes
r-devel-linux-x86_64-fedora-gcc 2.4-14 379.31 NOTE --no-vignettes
r-devel-windows-ix86+x86_64 2.4-14 61.00 67.00 128.00 OK --no-examples --no-tests --no-vignettes
r-patched-linux-x86_64 2.4-14 16.70 406.67 423.38 NOTE --no-vignettes
r-patched-solaris-x86 2.4-14 400.70 OK --no-vignettes
r-release-linux-x86_64 2.4-14 16.23 400.54 416.77 NOTE --no-vignettes
r-release-windows-ix86+x86_64 2.4-14 58.00 76.00 134.00 OK --no-examples --no-tests --no-vignettes
r-release-osx-x86_64 2.4-14 OK --no-vignettes
r-oldrel-windows-ix86+x86_64 2.4-14 60.00 73.00 133.00 OK --no-examples --no-tests --no-vignettes
r-oldrel-osx-x86_64 2.4-14 OK --no-vignettes

Check Details

Version: 2.4-14
Flags: --no-vignettes
Check: compiled code
Result: NOTE
    File ‘tgp/libs/tgp.so’:
     Found no calls to: ‘R_registerRoutines’, ‘R_useDynamicSymbols’
    
    It is good practice to register native routines and to disable symbol
    search.
    
    See ‘Writing portable packages’ in the ‘Writing R Extensions’ manual.
Flavors: r-devel-linux-x86_64-debian-clang, r-devel-linux-x86_64-debian-gcc, r-devel-linux-x86_64-fedora-clang, r-devel-linux-x86_64-fedora-gcc, r-patched-linux-x86_64, r-release-linux-x86_64