CRAN Package Check Results for Package theiaR

Last updated on 2023-01-26 23:00:30 CET.

Flavor Version Tinstall Tcheck Ttotal Status Flags
r-devel-linux-x86_64-debian-clang 0.4.0 5.76 39.62 45.38 NOTE
r-devel-linux-x86_64-debian-gcc 0.4.0 4.85 30.30 35.15 NOTE
r-devel-linux-x86_64-fedora-clang 0.4.0 61.58 NOTE
r-devel-linux-x86_64-fedora-gcc 0.4.0 66.03 NOTE
r-patched-linux-x86_64 0.4.0 4.61 38.59 43.20 NOTE
r-release-linux-x86_64 0.4.0 4.99 38.66 43.65 NOTE
r-release-macos-arm64 0.4.0 20.00 NOTE
r-release-macos-x86_64 0.4.0 73.00 NOTE
r-release-windows-x86_64 0.4.0 13.00 70.00 83.00 NOTE
r-oldrel-macos-arm64 0.4.0 23.00 NOTE
r-oldrel-macos-x86_64 0.4.0 30.00 NOTE
r-oldrel-windows-ix86+x86_64 0.4.0 11.00 64.00 75.00 NOTE

Check Details

Version: 0.4.0
Check: LazyData
Result: NOTE
     'LazyData' is specified without a 'data' directory
Flavors: r-devel-linux-x86_64-debian-clang, r-devel-linux-x86_64-debian-gcc, r-devel-linux-x86_64-fedora-clang, r-devel-linux-x86_64-fedora-gcc, r-patched-linux-x86_64, r-release-linux-x86_64, r-release-macos-arm64, r-release-macos-x86_64, r-release-windows-x86_64, r-oldrel-macos-arm64, r-oldrel-macos-x86_64, r-oldrel-windows-ix86+x86_64