Last updated on 2023-03-23 22:52:47 CET.
Flavor | Version | Tinstall | Tcheck | Ttotal | Status | Flags |
---|---|---|---|---|---|---|
r-devel-linux-x86_64-debian-clang | 0.2.0 | 2.48 | 27.23 | 29.71 | NOTE | |
r-devel-linux-x86_64-debian-gcc | 0.2.0 | 2.43 | 21.85 | 24.28 | NOTE | |
r-devel-linux-x86_64-fedora-clang | 0.2.0 | 38.34 | NOTE | |||
r-devel-linux-x86_64-fedora-gcc | 0.2.0 | 36.10 | NOTE | |||
r-patched-linux-x86_64 | 0.2.0 | 2.54 | 27.55 | 30.09 | NOTE | |
r-release-linux-x86_64 | 0.2.0 | 2.21 | 28.21 | 30.42 | NOTE | |
r-release-macos-arm64 | 0.2.0 | 17.00 | NOTE | |||
r-release-macos-x86_64 | 0.2.0 | 22.00 | NOTE | |||
r-release-windows-x86_64 | 0.2.0 | 5.00 | 55.00 | 60.00 | NOTE | |
r-oldrel-macos-arm64 | 0.2.0 | 20.00 | NOTE | |||
r-oldrel-macos-x86_64 | 0.2.0 | 26.00 | NOTE | |||
r-oldrel-windows-ix86+x86_64 | 0.2.0 | 8.00 | 54.00 | 62.00 | NOTE |
Version: 0.2.0
Check: LazyData
Result: NOTE
'LazyData' is specified without a 'data' directory
Flavors: r-devel-linux-x86_64-debian-clang, r-devel-linux-x86_64-debian-gcc, r-devel-linux-x86_64-fedora-clang, r-devel-linux-x86_64-fedora-gcc, r-patched-linux-x86_64, r-release-linux-x86_64, r-release-macos-arm64, r-release-macos-x86_64, r-release-windows-x86_64, r-oldrel-macos-arm64, r-oldrel-macos-x86_64, r-oldrel-windows-ix86+x86_64