CRAN Package Check Results for Package thorn

Last updated on 2024-04-22 23:10:07 CEST.

Flavor Version Tinstall Tcheck Ttotal Status Flags
r-devel-linux-x86_64-debian-clang 0.2.0 1.90 28.09 29.99 NOTE
r-devel-linux-x86_64-debian-gcc 0.2.0 2.42 21.74 24.16 NOTE
r-devel-linux-x86_64-fedora-clang 0.2.0 39.48 NOTE
r-devel-linux-x86_64-fedora-gcc 0.2.0 39.57 NOTE
r-prerel-macos-arm64 0.2.0 18.00 NOTE
r-prerel-windows-x86_64 0.2.0 4.00 43.00 47.00 NOTE
r-patched-linux-x86_64 0.2.0 2.95 27.58 30.53 NOTE
r-release-linux-x86_64 0.2.0 2.73 28.05 30.78 NOTE
r-release-macos-arm64 0.2.0 17.00 NOTE
r-release-macos-x86_64 0.2.0 24.00 NOTE
r-release-windows-x86_64 0.2.0 5.00 44.00 49.00 NOTE
r-oldrel-macos-arm64 0.2.0 17.00 NOTE
r-oldrel-windows-x86_64 0.2.0 4.00 47.00 51.00 NOTE

Check Details

Version: 0.2.0
Check: LazyData
Result: NOTE 'LazyData' is specified without a 'data' directory Flavors: r-devel-linux-x86_64-debian-clang, r-devel-linux-x86_64-debian-gcc, r-devel-linux-x86_64-fedora-clang, r-devel-linux-x86_64-fedora-gcc, r-prerel-macos-arm64, r-prerel-windows-x86_64, r-patched-linux-x86_64, r-release-linux-x86_64, r-release-macos-arm64, r-release-macos-x86_64, r-release-windows-x86_64, r-oldrel-macos-arm64, r-oldrel-windows-x86_64