CRAN Package Check Results for Package tidyRSS

Last updated on 2020-01-18 22:48:47 CET.

Flavor Version Tinstall Tcheck Ttotal Status Flags
r-devel-linux-x86_64-debian-clang 1.2.11 6.88 54.57 61.45 OK
r-devel-linux-x86_64-debian-gcc 1.2.11 6.34 41.44 47.78 OK
r-devel-linux-x86_64-fedora-clang 1.2.11 75.03 NOTE
r-devel-linux-x86_64-fedora-gcc 1.2.11 70.62 NOTE
r-devel-windows-ix86+x86_64 1.2.11 25.00 107.00 132.00 OK
r-devel-windows-ix86+x86_64-gcc8 1.2.11 17.00 93.00 110.00 OK
r-patched-linux-x86_64 1.2.11 5.31 47.95 53.26 OK
r-patched-solaris-x86 1.2.11 123.80 NOTE
r-release-linux-x86_64 1.2.11 5.93 48.25 54.18 OK
r-release-windows-ix86+x86_64 1.2.11 21.00 66.00 87.00 OK
r-release-osx-x86_64 1.2.11 NOTE
r-oldrel-windows-ix86+x86_64 1.2.11 11.00 65.00 76.00 OK
r-oldrel-osx-x86_64 1.2.11 NOTE

Check Details

Version: 1.2.11
Check: dependencies in R code
Result: NOTE
    Namespace in Imports field not imported from: ‘testthat’
     All declared Imports should be used.
Flavors: r-devel-linux-x86_64-fedora-clang, r-devel-linux-x86_64-fedora-gcc, r-patched-solaris-x86, r-release-osx-x86_64, r-oldrel-osx-x86_64