CRAN Package Check Results for Package tidyRSS

Last updated on 2019-08-23 22:50:12 CEST.

Flavor Version Tinstall Tcheck Ttotal Status Flags
r-devel-linux-x86_64-debian-clang 1.2.11 5.66 51.41 57.07 OK
r-devel-linux-x86_64-debian-gcc 1.2.11 OK
r-devel-linux-x86_64-fedora-clang 1.2.11 67.60 NOTE
r-devel-linux-x86_64-fedora-gcc 1.2.11 66.95 NOTE
r-devel-windows-ix86+x86_64 1.2.11 17.00 63.00 80.00 OK
r-patched-linux-x86_64 1.2.11 5.72 48.79 54.51 OK
r-patched-solaris-x86 1.2.11 105.40 NOTE
r-release-linux-x86_64 1.2.11 6.02 48.81 54.83 OK
r-release-windows-ix86+x86_64 1.2.11 23.00 153.00 176.00 OK
r-release-osx-x86_64 1.2.11 NOTE
r-oldrel-windows-ix86+x86_64 1.2.11 12.00 108.00 120.00 OK
r-oldrel-osx-x86_64 1.2.11 NOTE

Check Details

Version: 1.2.11
Check: dependencies in R code
Result: NOTE
    Namespace in Imports field not imported from: ‘testthat’
     All declared Imports should be used.
Flavors: r-devel-linux-x86_64-fedora-clang, r-devel-linux-x86_64-fedora-gcc, r-patched-solaris-x86, r-release-osx-x86_64, r-oldrel-osx-x86_64