Last updated on 2024-03-28 23:02:00 CET.
Flavor | Version | Tinstall | Tcheck | Ttotal | Status | Flags |
---|---|---|---|---|---|---|
r-devel-linux-x86_64-debian-clang | 1.6.3 | 18.01 | 104.63 | 122.64 | OK | |
r-devel-linux-x86_64-debian-gcc | 1.6.3 | 11.70 | 78.21 | 89.91 | OK | |
r-devel-linux-x86_64-fedora-clang | 1.6.3 | 167.07 | NOTE | |||
r-devel-linux-x86_64-fedora-gcc | 1.6.3 | 150.84 | NOTE | |||
r-devel-windows-x86_64 | 1.6.3 | 15.00 | 90.00 | 105.00 | OK | |
r-patched-linux-x86_64 | 1.6.3 | 15.94 | 101.99 | 117.93 | OK | |
r-release-linux-x86_64 | 1.6.3 | 13.53 | 102.40 | 115.93 | OK | |
r-release-macos-arm64 | 1.6.3 | 47.00 | OK | |||
r-release-macos-x86_64 | 1.6.3 | 122.00 | OK | |||
r-release-windows-x86_64 | 1.6.3 | 13.00 | 113.00 | 126.00 | OK | |
r-oldrel-macos-arm64 | 1.6.3 | 47.00 | OK | |||
r-oldrel-windows-x86_64 | 1.6.3 | 17.00 | 110.00 | 127.00 | OK |
Version: 1.6.3
Check: data for non-ASCII characters
Result: NOTE
Note: found 2 marked UTF-8 strings
Flavors: r-devel-linux-x86_64-fedora-clang, r-devel-linux-x86_64-fedora-gcc