CRAN Package Check Results for Package tidygapminder

Last updated on 2023-06-07 22:02:57 CEST.

Flavor Version Tinstall Tcheck Ttotal Status Flags
r-devel-linux-x86_64-debian-clang 0.1.1 2.10 31.05 33.15 NOTE
r-devel-linux-x86_64-debian-gcc 0.1.1 1.68 24.10 25.78 NOTE
r-devel-linux-x86_64-fedora-clang 0.1.1 43.16 NOTE
r-devel-linux-x86_64-fedora-gcc 0.1.1 50.86 NOTE
r-devel-windows-x86_64 0.1.1 4.00 48.00 52.00 NOTE
r-patched-linux-x86_64 0.1.1 2.12 29.16 31.28 NOTE
r-release-linux-x86_64 0.1.1 1.35 29.62 30.97 NOTE
r-release-macos-arm64 0.1.1 26.00 NOTE
r-release-macos-x86_64 0.1.1 37.00 NOTE
r-release-windows-x86_64 0.1.1 4.00 48.00 52.00 NOTE
r-oldrel-macos-arm64 0.1.1 22.00 NOTE
r-oldrel-macos-x86_64 0.1.1 39.00 NOTE
r-oldrel-windows-x86_64 0.1.1 5.00 52.00 57.00 NOTE

Check Details

Version: 0.1.1
Check: LazyData
Result: NOTE
     'LazyData' is specified without a 'data' directory
Flavors: r-devel-linux-x86_64-debian-clang, r-devel-linux-x86_64-debian-gcc, r-devel-linux-x86_64-fedora-clang, r-devel-linux-x86_64-fedora-gcc, r-devel-windows-x86_64, r-patched-linux-x86_64, r-release-linux-x86_64, r-release-macos-arm64, r-release-macos-x86_64, r-release-windows-x86_64, r-oldrel-macos-arm64, r-oldrel-macos-x86_64, r-oldrel-windows-x86_64

Version: 0.1.1
Check: dependencies in R code
Result: NOTE
    Namespace in Imports field not imported from: ‘dplyr’
     All declared Imports should be used.
Flavors: r-devel-linux-x86_64-fedora-clang, r-devel-linux-x86_64-fedora-gcc, r-oldrel-macos-arm64, r-oldrel-macos-x86_64