CRAN Package Check Results for Package tidyhte

Last updated on 2024-03-01 22:53:52 CET.

Flavor Version Tinstall Tcheck Ttotal Status Flags
r-devel-linux-x86_64-debian-clang 1.0.2 22.08 654.67 676.75 OK
r-devel-linux-x86_64-debian-gcc 1.0.2 20.15 471.40 491.55 OK
r-devel-linux-x86_64-fedora-clang 1.0.2 784.64 OK
r-devel-linux-x86_64-fedora-gcc 1.0.2 497.86 OK
r-devel-windows-x86_64 1.0.2 19.00 496.00 515.00 OK
r-patched-linux-x86_64 1.0.2 27.80 580.46 608.26 OK
r-release-linux-x86_64 1.0.2 19.05 600.10 619.15 OK
r-release-macos-arm64 1.0.2 205.00 OK
r-release-macos-x86_64 1.0.2 535.00 NOTE
r-release-windows-x86_64 1.0.2 26.00 601.00 627.00 OK
r-oldrel-macos-arm64 1.0.2 186.00 OK
r-oldrel-windows-x86_64 1.0.2 26.00 659.00 685.00 OK

Check Details

Version: 1.0.2
Check: package dependencies
Result: NOTE Package suggested but not available for checking: ‘ggplot2’ Flavor: r-release-macos-x86_64