Last updated on 2023-11-27 23:11:55 CET.
Flavor | Version | Tinstall | Tcheck | Ttotal | Status | Flags |
---|---|---|---|---|---|---|
r-devel-linux-x86_64-debian-clang | 0.6.0 | 9.09 | 130.55 | 139.64 | OK | |
r-devel-linux-x86_64-debian-gcc | 0.6.0 | 6.75 | 100.66 | 107.41 | OK | |
r-devel-linux-x86_64-fedora-clang | 0.6.0 | 168.38 | NOTE | |||
r-devel-linux-x86_64-fedora-gcc | 0.6.0 | 171.59 | NOTE | |||
r-devel-windows-x86_64 | 0.6.0 | 10.00 | 128.00 | 138.00 | OK | |
r-patched-linux-x86_64 | 0.6.0 | 8.94 | 123.06 | 132.00 | OK | |
r-release-linux-x86_64 | 0.6.0 | 5.04 | 123.83 | 128.87 | OK | |
r-release-macos-arm64 | 0.6.0 | 71.00 | OK | |||
r-release-macos-x86_64 | 0.6.0 | 113.00 | OK | |||
r-release-windows-x86_64 | 0.6.0 | 12.00 | 149.00 | 161.00 | OK | |
r-oldrel-macos-arm64 | 0.6.0 | 63.00 | OK | |||
r-oldrel-macos-x86_64 | 0.6.0 | 88.00 | OK | |||
r-oldrel-windows-x86_64 | 0.6.0 | 12.00 | 144.00 | 156.00 | OK |
Version: 0.6.0
Check: data for non-ASCII characters
Result: NOTE
Note: found 182 marked UTF-8 strings
Flavors: r-devel-linux-x86_64-fedora-clang, r-devel-linux-x86_64-fedora-gcc