Last updated on 2021-03-02 23:48:46 CET.
Flavor | Version | Tinstall | Tcheck | Ttotal | Status | Flags |
---|---|---|---|---|---|---|
r-devel-linux-x86_64-debian-clang | 1.0.2 | OK | ||||
r-devel-linux-x86_64-debian-gcc | 1.0.2 | 10.01 | 170.88 | 180.89 | OK | |
r-devel-linux-x86_64-fedora-clang | 1.0.2 | 278.30 | NOTE | |||
r-devel-linux-x86_64-fedora-gcc | 1.0.2 | 270.96 | NOTE | |||
r-devel-windows-ix86+x86_64 | 1.0.2 | 27.00 | 269.00 | 296.00 | NOTE | |
r-patched-linux-x86_64 | 1.0.2 | 8.13 | 220.65 | 228.78 | OK | |
r-patched-solaris-x86 | 1.0.2 | 383.70 | NOTE | |||
r-release-linux-x86_64 | 1.0.2 | 7.61 | 223.47 | 231.08 | OK | |
r-release-macos-x86_64 | 1.0.2 | NOTE | ||||
r-release-windows-ix86+x86_64 | 1.0.2 | 20.00 | 240.00 | 260.00 | NOTE | |
r-oldrel-macos-x86_64 | 1.0.2 | NOTE | ||||
r-oldrel-windows-ix86+x86_64 | 1.0.2 | 21.00 | 330.00 | 351.00 | NOTE |
Version: 1.0.2
Check: package dependencies
Result: NOTE
Imports includes 24 non-default packages.
Importing from so many packages makes the package vulnerable to any of
them becoming unavailable. Move as many as possible to Suggests and
use conditionally.
Flavor: r-devel-linux-x86_64-fedora-clang
Version: 1.0.2
Check: installed package size
Result: NOTE
installed size is 5.1Mb
sub-directories of 1Mb or more:
doc 4.2Mb
Flavors: r-devel-linux-x86_64-fedora-clang, r-devel-windows-ix86+x86_64, r-patched-solaris-x86, r-release-macos-x86_64, r-release-windows-ix86+x86_64, r-oldrel-macos-x86_64, r-oldrel-windows-ix86+x86_64
Version: 1.0.2
Check: dependencies in R code
Result: NOTE
Namespace in Imports field not imported from: ‘janitor’
All declared Imports should be used.
Flavors: r-devel-linux-x86_64-fedora-clang, r-devel-linux-x86_64-fedora-gcc, r-patched-solaris-x86, r-release-macos-x86_64, r-oldrel-macos-x86_64
Version: 1.0.2
Check: package dependencies
Result: NOTE
Package suggested but not available for checking: ‘Rblpapi’
Flavor: r-patched-solaris-x86