Last updated on 2024-03-27 22:58:02 CET.
Flavor | Version | Tinstall | Tcheck | Ttotal | Status | Flags |
---|---|---|---|---|---|---|
r-devel-linux-x86_64-debian-clang | 1.1.3 | 523.58 | 105.33 | 628.91 | NOTE | |
r-devel-linux-x86_64-debian-gcc | 1.1.3 | 371.57 | 78.72 | 450.29 | NOTE | |
r-devel-linux-x86_64-fedora-clang | 1.1.3 | 817.08 | NOTE | |||
r-devel-linux-x86_64-fedora-gcc | 1.1.3 | 927.07 | NOTE | |||
r-devel-windows-x86_64 | 1.1.3 | 319.00 | 140.00 | 459.00 | NOTE | |
r-patched-linux-x86_64 | 1.1.3 | 316.75 | 100.47 | 417.22 | OK | |
r-release-linux-x86_64 | 1.1.3 | 366.22 | 98.44 | 464.66 | OK | |
r-release-macos-arm64 | 1.1.3 | 267.00 | NOTE | |||
r-release-macos-x86_64 | 1.1.3 | 464.00 | NOTE | |||
r-release-windows-x86_64 | 1.1.3 | 423.00 | 168.00 | 591.00 | OK | |
r-oldrel-macos-arm64 | 1.1.3 | 240.00 | NOTE | |||
r-oldrel-windows-x86_64 | 1.1.3 | 408.00 | 156.00 | 564.00 | OK |
Version: 1.1.3
Check: Rd files
Result: NOTE
checkRd: (-1) get_tidysq_options.Rd:37: Lost braces
37 | \item tidysq_pillar_max_width [code{integer(1)}]\cr
| ^
checkRd: (-1) read_fasta.Rd:54-55: Lost braces in \itemize; \value handles \item{}{} directly
checkRd: (-1) read_fasta.Rd:56: Lost braces in \itemize; \value handles \item{}{} directly
Flavors: r-devel-linux-x86_64-debian-clang, r-devel-linux-x86_64-debian-gcc, r-devel-linux-x86_64-fedora-clang, r-devel-linux-x86_64-fedora-gcc, r-devel-windows-x86_64
Version: 1.1.3
Check: installed package size
Result: NOTE
installed size is 47.1Mb
sub-directories of 1Mb or more:
libs 46.3Mb
Flavors: r-release-macos-arm64, r-release-macos-x86_64, r-oldrel-macos-arm64