Last updated on 2024-05-03 22:53:27 CEST.
Flavor | Version | Tinstall | Tcheck | Ttotal | Status | Flags |
---|---|---|---|---|---|---|
r-devel-linux-x86_64-debian-clang | 0.1.4 | 11.58 | 206.53 | 218.11 | OK | |
r-devel-linux-x86_64-fedora-clang | 0.1.4 | 271.59 | OK | |||
r-devel-linux-x86_64-fedora-gcc | 0.1.4 | 243.28 | OK | |||
r-devel-windows-x86_64 | 0.1.4 | 15.00 | 167.00 | 182.00 | OK | |
r-patched-linux-x86_64 | 0.1.4 | 12.73 | 198.72 | 211.45 | OK | |
r-release-linux-x86_64 | 0.1.4 | 7.85 | 200.21 | 208.06 | OK | |
r-release-macos-arm64 | 0.1.4 | 80.00 | OK | |||
r-release-windows-x86_64 | 0.1.4 | 14.00 | 154.00 | 168.00 | ERROR | |
r-oldrel-macos-arm64 | 0.1.4 | 104.00 | OK | |||
r-oldrel-macos-x86_64 | 0.1.4 | 192.00 | OK | |||
r-oldrel-windows-x86_64 | 0.1.4 | 15.00 | 202.00 | 217.00 | OK |
Version: 0.1.4
Check: re-building of vignette outputs
Result: ERROR
Error(s) in re-building vignettes:
--- re-building 'freq.Rmd' using rmarkdown
--- finished re-building 'freq.Rmd'
--- re-building 'symbols.Rmd' using rmarkdown
--- finished re-building 'symbols.Rmd'
--- re-building 'tbl_manipulation.Rmd' using rmarkdown
--- finished re-building 'tbl_manipulation.Rmd'
--- re-building 'tidytlg.Rmd' using rmarkdown
Quitting from lines at lines 79-87 [unnamed-chunk-5] (tidytlg.Rmd)
Error: processing vignette 'tidytlg.Rmd' failed with diagnostics:
cannot open the connection to 'https://github.com/phuse-org/TestDataFactory/raw/main/Updated/TDF_ADaM/adsl.xpt'
--- failed re-building 'tidytlg.Rmd'
--- re-building 'tlgsetup.Rmd' using rmarkdown
--- finished re-building 'tlgsetup.Rmd'
--- re-building 'univar.Rmd' using rmarkdown
--- finished re-building 'univar.Rmd'
SUMMARY: processing the following file failed:
'tidytlg.Rmd'
Error: Vignette re-building failed.
Execution halted
Flavor: r-release-windows-x86_64