CRAN Package Check Results for Package tidytree

Last updated on 2019-07-17 22:54:42 CEST.

Flavor Version Tinstall Tcheck Ttotal Status Flags
r-devel-linux-x86_64-debian-clang 0.2.4 4.30 40.79 45.09 OK
r-devel-linux-x86_64-debian-gcc 0.2.4 3.89 32.30 36.19 OK
r-devel-linux-x86_64-fedora-clang 0.2.4 52.24 OK
r-devel-linux-x86_64-fedora-gcc 0.2.4 50.69 OK
r-devel-windows-ix86+x86_64 0.2.4 15.00 55.00 70.00 OK
r-patched-linux-x86_64 0.2.4 4.91 39.44 44.35 OK
r-patched-solaris-x86 0.2.4 85.30 OK
r-release-linux-x86_64 0.2.4 3.96 39.36 43.32 OK
r-release-windows-ix86+x86_64 0.2.4 12.00 83.00 95.00 OK
r-release-osx-x86_64 0.2.4 NOTE
r-oldrel-windows-ix86+x86_64 0.2.4 6.00 90.00 96.00 OK
r-oldrel-osx-x86_64 0.2.4 OK

Check Details

Version: 0.2.4
Check: package dependencies
Result: NOTE
    Packages suggested but not available for checking: 'ggtree', 'treeio'
Flavor: r-release-osx-x86_64