CRAN Package Check Results for Package tiff

Last updated on 2019-10-16 22:56:12 CEST.

Flavor Version Tinstall Tcheck Ttotal Status Flags
r-devel-linux-x86_64-debian-clang 0.1-5 3.12 15.71 18.83 OK
r-devel-linux-x86_64-debian-gcc 0.1-5 2.33 13.05 15.38 OK
r-devel-linux-x86_64-fedora-clang 0.1-5 25.01 NOTE
r-devel-linux-x86_64-fedora-gcc 0.1-5 23.29 NOTE
r-devel-windows-ix86+x86_64 0.1-5 21.00 35.00 56.00 OK
r-patched-linux-x86_64 0.1-5 2.21 15.62 17.83 OK
r-patched-solaris-x86 0.1-5 36.40 OK
r-release-linux-x86_64 0.1-5 2.30 15.92 18.22 OK
r-release-windows-ix86+x86_64 0.1-5 18.00 49.00 67.00 OK
r-release-osx-x86_64 0.1-5 OK
r-oldrel-windows-ix86+x86_64 0.1-5 16.00 32.00 48.00 OK
r-oldrel-osx-x86_64 0.1-5 OK

Additional issues

rchk

Check Details

Version: 0.1-5
Check: compiled code
Result: NOTE
    File ‘tiff/libs/tiff.so’:
     Found no calls to: ‘R_registerRoutines’, ‘R_useDynamicSymbols’
    
    It is good practice to register native routines and to disable symbol
    search.
    
    See ‘Writing portable packages’ in the ‘Writing R Extensions’ manual.
Flavors: r-devel-linux-x86_64-fedora-clang, r-devel-linux-x86_64-fedora-gcc