Last updated on 2024-03-18 22:03:27 CET.
Flavor | Version | Tinstall | Tcheck | Ttotal | Status | Flags |
---|---|---|---|---|---|---|
r-devel-linux-x86_64-debian-clang | 1.1.0 | 44.96 | 546.96 | 591.92 | OK | |
r-devel-linux-x86_64-debian-gcc | 1.1.0 | 44.74 | 425.58 | 470.32 | OK | |
r-devel-linux-x86_64-fedora-clang | 1.1.0 | 607.12 | OK | |||
r-devel-linux-x86_64-fedora-gcc | 1.1.0 | 749.38 | OK | |||
r-devel-windows-x86_64 | 1.1.0 | 44.00 | 427.00 | 471.00 | OK | |
r-patched-linux-x86_64 | 1.1.0 | 35.74 | 470.88 | 506.62 | OK | |
r-release-linux-x86_64 | 1.1.0 | 35.87 | 528.03 | 563.90 | OK | |
r-release-macos-arm64 | 1.1.0 | 206.00 | NOTE | |||
r-release-macos-x86_64 | 1.1.0 | 457.00 | OK | |||
r-release-windows-x86_64 | 1.1.0 | 62.00 | 537.00 | 599.00 | OK | |
r-oldrel-macos-arm64 | 1.1.0 | 206.00 | NOTE | |||
r-oldrel-windows-x86_64 | 1.1.0 | 59.00 | 464.00 | 523.00 | OK |
Version: 1.1.0
Check: installed package size
Result: NOTE
installed size is 5.1Mb
sub-directories of 1Mb or more:
data 4.5Mb
Flavors: r-release-macos-arm64, r-oldrel-macos-arm64