Last updated on 2023-12-03 22:57:24 CET.
Flavor | Version | Tinstall | Tcheck | Ttotal | Status | Flags |
---|---|---|---|---|---|---|
r-devel-linux-x86_64-debian-clang | 0.22.0 | 178.74 | 187.78 | 366.52 | OK | |
r-devel-linux-x86_64-debian-gcc | 0.22.0 | 149.13 | 140.77 | 289.90 | OK | |
r-devel-linux-x86_64-fedora-clang | 0.22.0 | 524.96 | NOTE | |||
r-devel-linux-x86_64-fedora-gcc | 0.22.0 | 555.34 | OK | |||
r-devel-windows-x86_64 | 0.22.0 | 151.00 | 368.00 | 519.00 | NOTE | |
r-patched-linux-x86_64 | 0.21.1 | 176.19 | 187.19 | 363.38 | OK | |
r-release-linux-x86_64 | 0.22.0 | 173.19 | 181.67 | 354.86 | OK | |
r-release-macos-arm64 | 0.22.0 | 152.00 | NOTE | |||
r-release-macos-x86_64 | 0.22.0 | 348.00 | NOTE | |||
r-release-windows-x86_64 | 0.22.0 | 131.00 | 333.00 | 464.00 | NOTE | |
r-oldrel-macos-arm64 | 0.22.0 | 147.00 | NOTE | |||
r-oldrel-macos-x86_64 | 0.21.1 | 380.00 | NOTE | |||
r-oldrel-windows-x86_64 | 0.22.0 | 128.00 | 284.00 | 412.00 | NOTE |
Version: 0.22.0
Check: installed package size
Result: NOTE
installed size is 85.5Mb
sub-directories of 1Mb or more:
libs 2.2Mb
tiledb 80.9Mb
Flavors: r-devel-linux-x86_64-fedora-clang, r-devel-windows-x86_64, r-release-macos-arm64, r-release-macos-x86_64, r-release-windows-x86_64, r-oldrel-macos-arm64, r-oldrel-windows-x86_64
Version: 0.21.1
Check: installed package size
Result: NOTE
installed size is 53.9Mb
sub-directories of 1Mb or more:
libs 15.2Mb
tiledb 36.5Mb
Flavor: r-oldrel-macos-x86_64