CRAN Package Check Results for Package tilegramsR

Last updated on 2023-01-27 23:38:12 CET.

Flavor Version Tinstall Tcheck Ttotal Status Flags
r-devel-linux-x86_64-debian-clang 0.2.0 5.74 67.09 72.83 OK
r-devel-linux-x86_64-debian-gcc 0.2.0 4.41 49.10 53.51 OK
r-devel-linux-x86_64-fedora-clang 0.2.0 86.41 NOTE
r-devel-linux-x86_64-fedora-gcc 0.2.0 93.96 NOTE
r-patched-linux-x86_64 0.2.0 4.77 65.37 70.14 OK
r-release-linux-x86_64 0.2.0 4.23 65.65 69.88 OK
r-release-macos-arm64 0.2.0 26.00 NOTE
r-release-macos-x86_64 0.2.0 41.00 NOTE
r-release-windows-x86_64 0.2.0 69.00 107.00 176.00 OK
r-oldrel-macos-arm64 0.2.0 33.00 NOTE
r-oldrel-macos-x86_64 0.2.0 51.00 NOTE
r-oldrel-windows-ix86+x86_64 0.2.0 17.00 89.00 106.00 OK

Check Details

Version: 0.2.0
Check: dependencies in R code
Result: NOTE
    Namespace in Imports field not imported from: ‘sp’
     All declared Imports should be used.
Flavors: r-devel-linux-x86_64-fedora-clang, r-devel-linux-x86_64-fedora-gcc, r-release-macos-arm64, r-release-macos-x86_64, r-oldrel-macos-arm64, r-oldrel-macos-x86_64

Version: 0.2.0
Check: data for non-ASCII characters
Result: NOTE
     Note: found 341 marked UTF-8 strings
Flavors: r-devel-linux-x86_64-fedora-clang, r-devel-linux-x86_64-fedora-gcc, r-release-macos-arm64, r-release-macos-x86_64, r-oldrel-macos-arm64, r-oldrel-macos-x86_64