Last updated on 2024-04-23 22:55:39 CEST.
Flavor | Version | Tinstall | Tcheck | Ttotal | Status | Flags |
---|---|---|---|---|---|---|
r-devel-linux-x86_64-debian-clang | 0.1.1 | 7.14 | 59.48 | 66.62 | OK | |
r-devel-linux-x86_64-debian-gcc | 0.1.1 | 5.10 | 44.57 | 49.67 | OK | |
r-devel-linux-x86_64-fedora-clang | 0.1.1 | 83.20 | NOTE | |||
r-devel-linux-x86_64-fedora-gcc | 0.1.1 | 77.39 | NOTE | |||
r-prerel-macos-arm64 | 0.1.1 | 26.00 | OK | |||
r-prerel-windows-x86_64 | 0.1.1 | 7.00 | 62.00 | 69.00 | OK | |
r-patched-linux-x86_64 | 0.1.1 | 5.83 | 55.48 | 61.31 | OK | |
r-release-linux-x86_64 | 0.1.1 | 5.15 | 57.41 | 62.56 | OK | |
r-release-macos-arm64 | 0.1.1 | 29.00 | OK | |||
r-release-macos-x86_64 | 0.1.1 | 40.00 | OK | |||
r-release-windows-x86_64 | 0.1.1 | 7.00 | 110.00 | 117.00 | OK | |
r-oldrel-macos-arm64 | 0.1.1 | 26.00 | NOTE | |||
r-oldrel-windows-x86_64 | 0.1.1 | 8.00 | 72.00 | 80.00 | OK |
Version: 0.1.1
Check: dependencies in R code
Result: NOTE
Namespace in Imports field not imported from: ‘base’
All declared Imports should be used.
Flavors: r-devel-linux-x86_64-fedora-clang, r-devel-linux-x86_64-fedora-gcc, r-oldrel-macos-arm64