Last updated on 2024-04-19 22:56:06 CEST.
Flavor | Version | Tinstall | Tcheck | Ttotal | Status | Flags |
---|---|---|---|---|---|---|
r-devel-linux-x86_64-debian-clang | 1.0.3 | 3.54 | 33.89 | 37.43 | NOTE | |
r-devel-linux-x86_64-debian-gcc | 1.0.3 | NOTE | ||||
r-devel-linux-x86_64-fedora-clang | 1.0.3 | 48.22 | NOTE | |||
r-devel-linux-x86_64-fedora-gcc | 1.0.3 | 45.64 | NOTE | |||
r-prerel-macos-arm64 | 1.0.3 | 18.00 | NOTE | |||
r-prerel-windows-x86_64 | 1.0.3 | 5.00 | 46.00 | 51.00 | NOTE | |
r-patched-linux-x86_64 | 1.0.3 | 3.53 | 33.31 | 36.84 | NOTE | |
r-release-linux-x86_64 | 1.0.3 | 4.08 | 33.58 | 37.66 | NOTE | |
r-release-macos-arm64 | 1.0.3 | 19.00 | NOTE | |||
r-release-macos-x86_64 | 1.0.3 | 26.00 | NOTE | |||
r-release-windows-x86_64 | 1.0.3 | 6.00 | 47.00 | 53.00 | NOTE | |
r-oldrel-macos-arm64 | 1.0.3 | 18.00 | NOTE | |||
r-oldrel-windows-x86_64 | 1.0.3 | 7.00 | 54.00 | 61.00 | NOTE |
Version: 1.0.3
Check: LazyData
Result: NOTE
'LazyData' is specified without a 'data' directory
Flavors: r-devel-linux-x86_64-debian-clang, r-devel-linux-x86_64-debian-gcc, r-devel-linux-x86_64-fedora-clang, r-devel-linux-x86_64-fedora-gcc, r-prerel-macos-arm64, r-prerel-windows-x86_64, r-patched-linux-x86_64, r-release-linux-x86_64, r-release-macos-arm64, r-release-macos-x86_64, r-release-windows-x86_64, r-oldrel-macos-arm64, r-oldrel-windows-x86_64