Last updated on 2023-03-31 22:59:48 CEST.
Flavor | Version | Tinstall | Tcheck | Ttotal | Status | Flags |
---|---|---|---|---|---|---|
r-devel-linux-x86_64-debian-clang | 1.5 | 13.73 | 116.61 | 130.34 | OK | |
r-devel-linux-x86_64-debian-gcc | 1.5 | 10.37 | 89.95 | 100.32 | OK | |
r-devel-linux-x86_64-fedora-clang | 1.5 | 161.35 | NOTE | |||
r-devel-linux-x86_64-fedora-gcc | 1.5 | 167.33 | NOTE | |||
r-patched-linux-x86_64 | 1.5 | 15.02 | 111.88 | 126.90 | OK | |
r-release-linux-x86_64 | 1.5 | 11.99 | 111.46 | 123.45 | OK | |
r-release-macos-arm64 | 1.5 | 48.00 | OK | |||
r-release-macos-x86_64 | 1.5 | 64.00 | OK | |||
r-release-windows-x86_64 | 1.5 | 20.00 | 177.00 | 197.00 | OK | |
r-oldrel-macos-arm64 | 1.5 | 43.00 | OK | |||
r-oldrel-macos-x86_64 | 1.5 | 62.00 | OK | |||
r-oldrel-windows-ix86+x86_64 | 1.5 | 27.00 | 194.00 | 221.00 | OK |
Version: 1.5
Check: compiled code
Result: NOTE
File ‘tmvtnorm/libs/tmvtnorm.so’:
Found no calls to: ‘R_registerRoutines’, ‘R_useDynamicSymbols’
It is good practice to register native routines and to disable symbol
search.
See ‘Writing portable packages’ in the ‘Writing R Extensions’ manual.
Flavors: r-devel-linux-x86_64-fedora-clang, r-devel-linux-x86_64-fedora-gcc