Last updated on 2023-10-01 23:04:01 CEST.
Flavor | Version | Tinstall | Tcheck | Ttotal | Status | Flags |
---|---|---|---|---|---|---|
r-devel-linux-x86_64-debian-clang | 0.1.99 | 7.48 | 61.04 | 68.52 | OK | |
r-devel-linux-x86_64-debian-gcc | 0.1.99 | 6.16 | 45.61 | 51.77 | OK | |
r-devel-linux-x86_64-fedora-clang | 0.1.99 | 87.76 | NOTE | |||
r-devel-linux-x86_64-fedora-gcc | 0.1.99 | 96.29 | NOTE | |||
r-devel-windows-x86_64 | 0.1.99 | 7.00 | 69.00 | 76.00 | OK | |
r-patched-linux-x86_64 | 0.1.99 | 7.35 | 56.89 | 64.24 | OK | |
r-release-linux-x86_64 | 0.1.99 | 7.59 | 57.00 | 64.59 | OK | |
r-release-macos-arm64 | 0.1.99 | 36.00 | OK | |||
r-release-macos-x86_64 | 0.1.99 | 52.00 | OK | |||
r-release-windows-x86_64 | 0.1.99 | 10.00 | 76.00 | 86.00 | OK | |
r-oldrel-macos-arm64 | 0.1.99 | 29.00 | NOTE | |||
r-oldrel-macos-x86_64 | 0.1.99 | 41.00 | NOTE | |||
r-oldrel-windows-x86_64 | 0.1.99 | 11.00 | 70.00 | 81.00 | OK |
Version: 0.1.99
Check: dependencies in R code
Result: NOTE
Namespace in Imports field not imported from: ‘memoise’
All declared Imports should be used.
Flavors: r-devel-linux-x86_64-fedora-clang, r-devel-linux-x86_64-fedora-gcc, r-oldrel-macos-arm64, r-oldrel-macos-x86_64