Last updated on 2023-06-08 22:57:15 CEST.
Flavor | Version | Tinstall | Tcheck | Ttotal | Status | Flags |
---|---|---|---|---|---|---|
r-devel-linux-x86_64-debian-clang | 0.3.0 | 27.14 | 43.90 | 71.04 | OK | |
r-devel-linux-x86_64-debian-gcc | 0.3.0 | 25.08 | 34.80 | 59.88 | OK | |
r-devel-linux-x86_64-fedora-clang | 0.3.0 | 106.24 | NOTE | |||
r-devel-linux-x86_64-fedora-gcc | 0.3.0 | 113.47 | NOTE | |||
r-devel-windows-x86_64 | 0.3.0 | 28.00 | 76.00 | 104.00 | OK | |
r-patched-linux-x86_64 | 0.3.0 | 24.65 | 42.77 | 67.42 | OK | |
r-release-linux-x86_64 | 0.3.0 | 21.84 | 42.47 | 64.31 | OK | |
r-release-macos-arm64 | 0.3.0 | 41.00 | OK | |||
r-release-macos-x86_64 | 0.3.0 | 61.00 | OK | |||
r-release-windows-x86_64 | 0.3.0 | 27.00 | 86.00 | 113.00 | OK | |
r-oldrel-macos-arm64 | 0.3.0 | 37.00 | OK | |||
r-oldrel-macos-x86_64 | 0.3.0 | 72.00 | OK | |||
r-oldrel-windows-x86_64 | 0.3.0 | 31.00 | 84.00 | 115.00 | OK |
Version: 0.3.0
Check: data for non-ASCII characters
Result: NOTE
Note: found 1 marked UTF-8 string
Flavors: r-devel-linux-x86_64-fedora-clang, r-devel-linux-x86_64-fedora-gcc