CRAN Package Check Results for Package tolerance

Last updated on 2019-05-21 22:51:48 CEST.

Flavor Version Tinstall Tcheck Ttotal Status Flags
r-devel-linux-x86_64-debian-clang 1.3.0 9.59 87.09 96.68 OK
r-devel-linux-x86_64-debian-gcc 1.3.0 8.86 66.38 75.24 OK
r-devel-linux-x86_64-fedora-clang 1.3.0 123.13 OK
r-devel-linux-x86_64-fedora-gcc 1.3.0 107.53 OK
r-devel-windows-ix86+x86_64 1.3.0 15.00 140.00 155.00 OK
r-patched-linux-x86_64 1.3.0 9.65 84.33 93.98 OK
r-patched-solaris-x86 1.3.0 158.20 OK
r-release-linux-x86_64 1.3.0 10.71 84.70 95.41 OK
r-release-windows-ix86+x86_64 1.3.0 27.00 133.00 160.00 OK
r-release-osx-x86_64 1.3.0 WARN
r-oldrel-windows-ix86+x86_64 1.3.0 13.00 100.00 113.00 OK
r-oldrel-osx-x86_64 1.3.0 OK

Check Details

Version: 1.3.0
Check: whether package can be installed
Result: WARN
    Found the following significant warnings:
     Warning: 'rgl_init' failed, running with rgl.useNULL = TRUE
Flavor: r-release-osx-x86_64