Last updated on 2024-04-19 22:56:06 CEST.
Flavor | Version | Tinstall | Tcheck | Ttotal | Status | Flags |
---|---|---|---|---|---|---|
r-devel-linux-x86_64-debian-clang | 0.3.5 | 11.07 | 156.19 | 167.26 | OK | |
r-devel-linux-x86_64-debian-gcc | 0.3.5 | OK | ||||
r-devel-linux-x86_64-fedora-clang | 0.3.5 | 202.49 | NOTE | |||
r-devel-linux-x86_64-fedora-gcc | 0.3.5 | 206.82 | NOTE | |||
r-prerel-macos-arm64 | 0.3.5 | 62.00 | OK | |||
r-prerel-windows-x86_64 | 0.3.5 | 12.00 | 128.00 | 140.00 | OK | |
r-patched-linux-x86_64 | 0.3.5 | 12.14 | 145.94 | 158.08 | OK | |
r-release-linux-x86_64 | 0.3.5 | 6.59 | 145.26 | 151.85 | OK | |
r-release-macos-arm64 | 0.3.5 | 68.00 | OK | |||
r-release-macos-x86_64 | 0.3.5 | 107.00 | OK | |||
r-release-windows-x86_64 | 0.3.5 | 13.00 | 152.00 | 165.00 | OK | |
r-oldrel-macos-arm64 | 0.3.5 | 69.00 | NOTE | |||
r-oldrel-windows-x86_64 | 0.3.5 | 16.00 | 156.00 | 172.00 | OK |
Version: 0.3.5
Check: data for non-ASCII characters
Result: NOTE
Note: found 160 marked UTF-8 strings
Flavors: r-devel-linux-x86_64-fedora-clang, r-devel-linux-x86_64-fedora-gcc, r-oldrel-macos-arm64