Last updated on 2024-03-28 23:02:01 CET.
Flavor | Version | Tinstall | Tcheck | Ttotal | Status | Flags |
---|---|---|---|---|---|---|
r-devel-linux-x86_64-debian-clang | 0.0.1 | 6.90 | 57.72 | 64.62 | NOTE | |
r-devel-linux-x86_64-debian-gcc | 0.0.1 | 5.60 | 45.71 | 51.31 | NOTE | |
r-devel-linux-x86_64-fedora-clang | 0.0.1 | 81.81 | NOTE | |||
r-devel-linux-x86_64-fedora-gcc | 0.0.1 | 82.18 | NOTE | |||
r-devel-windows-x86_64 | 0.0.1 | 7.00 | 63.00 | 70.00 | NOTE | |
r-patched-linux-x86_64 | 0.0.1 | 5.66 | 57.55 | 63.21 | NOTE | |
r-release-linux-x86_64 | 0.0.1 | 6.74 | 56.41 | 63.15 | OK | |
r-release-macos-arm64 | 0.0.1 | 27.00 | OK | |||
r-release-macos-x86_64 | 0.0.1 | 43.00 | OK | |||
r-release-windows-x86_64 | 0.0.1 | 8.00 | 70.00 | 78.00 | OK | |
r-oldrel-macos-arm64 | 0.0.1 | 29.00 | OK | |||
r-oldrel-windows-x86_64 | 0.0.1 | 9.00 | 75.00 | 84.00 | OK |
Version: 0.0.1
Check: Rd files
Result: NOTE
checkRd: (-1) fixed_width_no_modeling.Rd:26: Lost braces in \itemize; \value handles \item{}{} directly
checkRd: (-1) fixed_width_no_modeling.Rd:27: Lost braces in \itemize; \value handles \item{}{} directly
checkRd: (-1) fixed_width_no_modeling.Rd:28: Lost braces in \itemize; \value handles \item{}{} directly
Flavors: r-devel-linux-x86_64-debian-clang, r-devel-linux-x86_64-debian-gcc, r-devel-linux-x86_64-fedora-clang, r-devel-linux-x86_64-fedora-gcc, r-devel-windows-x86_64, r-patched-linux-x86_64