Last updated on 2024-04-23 22:55:40 CEST.
Flavor | Version | Tinstall | Tcheck | Ttotal | Status | Flags |
---|---|---|---|---|---|---|
r-devel-linux-x86_64-debian-clang | 1.5.0 | 2.06 | 2.06 | ERROR | ||
r-devel-linux-x86_64-debian-gcc | 1.5.0 | 1.65 | 1.65 | ERROR | ||
r-devel-linux-x86_64-fedora-clang | 1.5.0 | 756.25 | OK | |||
r-devel-linux-x86_64-fedora-gcc | 1.5.0 | 508.70 | OK | |||
r-prerel-macos-arm64 | 1.5.0 | 191.00 | OK | |||
r-prerel-macos-x86_64 | 1.5.0 | 395.00 | OK | |||
r-prerel-windows-x86_64 | 1.5.0 | 53.00 | 353.00 | 406.00 | OK | |
r-patched-linux-x86_64 | 1.5.0 | 42.03 | 500.84 | 542.87 | OK | |
r-release-linux-x86_64 | 1.5.0 | 68.84 | 529.14 | 597.98 | OK | |
r-release-macos-arm64 | 1.5.0 | 206.00 | OK | |||
r-release-macos-x86_64 | 1.5.0 | 419.00 | OK | |||
r-release-windows-x86_64 | 1.5.0 | 35.00 | 6.00 | 41.00 | ERROR | |
r-oldrel-macos-arm64 | 1.5.0 | 245.00 | OK | |||
r-oldrel-windows-x86_64 | 1.5.0 | 33.00 | 10.00 | 43.00 | ERROR |
Version: 1.5.0
Check: package dependencies
Result: ERROR
Package required but not available: ‘qpgraph’
See section ‘The DESCRIPTION file’ in the ‘Writing R Extensions’
manual.
Flavors: r-devel-linux-x86_64-debian-clang, r-devel-linux-x86_64-debian-gcc
Version: 1.5.0
Check: whether package can be installed
Result: ERROR
Installation failed.
Flavors: r-release-windows-x86_64, r-oldrel-windows-x86_64