Last updated on 2023-06-01 23:00:20 CEST.
Flavor | Version | Tinstall | Tcheck | Ttotal | Status | Flags |
---|---|---|---|---|---|---|
r-devel-linux-x86_64-debian-clang | 0.10.0 | 1076.75 | 341.28 | 1418.03 | OK | |
r-devel-linux-x86_64-debian-gcc | 0.10.0 | 882.24 | 260.91 | 1143.15 | OK | |
r-devel-linux-x86_64-fedora-clang | 0.10.0 | 1803.90 | NOTE | |||
r-devel-linux-x86_64-fedora-gcc | 0.10.0 | 2168.75 | OK | |||
r-devel-windows-x86_64 | 0.10.0 | 806.00 | 603.00 | 1409.00 | NOTE | |
r-patched-linux-x86_64 | 0.10.0 | OK | ||||
r-release-linux-x86_64 | 0.10.0 | 938.23 | 331.07 | 1269.30 | OK | |
r-release-macos-arm64 | 0.10.0 | 562.00 | NOTE | |||
r-release-macos-x86_64 | 0.10.0 | 814.00 | NOTE | |||
r-release-windows-x86_64 | 0.10.0 | 1051.00 | 742.00 | 1793.00 | NOTE | |
r-oldrel-macos-arm64 | 0.10.0 | 529.00 | NOTE | |||
r-oldrel-macos-x86_64 | 0.10.0 | 627.00 | NOTE | |||
r-oldrel-windows-x86_64 | 0.10.0 | 931.00 | 569.00 | 1500.00 | NOTE |
Version: 0.10.0
Check: installed package size
Result: NOTE
installed size is 39.2Mb
sub-directories of 1Mb or more:
R 5.5Mb
help 1.6Mb
include 3.4Mb
libs 28.1Mb
Flavors: r-devel-linux-x86_64-fedora-clang, r-devel-windows-x86_64, r-release-macos-arm64, r-release-macos-x86_64, r-release-windows-x86_64, r-oldrel-macos-arm64, r-oldrel-macos-x86_64, r-oldrel-windows-x86_64