Last updated on 2023-12-04 22:57:58 CET.
Flavor | Version | Tinstall | Tcheck | Ttotal | Status | Flags |
---|---|---|---|---|---|---|
r-devel-linux-x86_64-debian-clang | 0.11.0 | 1114.21 | 357.59 | 1471.80 | NOTE | |
r-devel-linux-x86_64-debian-gcc | 0.11.0 | 827.19 | 265.28 | 1092.47 | NOTE | |
r-devel-linux-x86_64-fedora-clang | 0.11.0 | 1789.45 | NOTE | |||
r-devel-linux-x86_64-fedora-gcc | 0.11.0 | 2175.49 | OK | |||
r-devel-windows-x86_64 | 0.11.0 | 824.00 | 589.00 | 1413.00 | NOTE | |
r-patched-linux-x86_64 | 0.11.0 | 912.50 | 337.84 | 1250.34 | OK | |
r-release-linux-x86_64 | 0.11.0 | 948.47 | 340.54 | 1289.01 | OK | |
r-release-macos-arm64 | 0.11.0 | 555.00 | NOTE | |||
r-release-macos-x86_64 | 0.11.0 | 740.00 | NOTE | |||
r-release-windows-x86_64 | 0.11.0 | 1061.00 | 730.00 | 1791.00 | NOTE | |
r-oldrel-macos-arm64 | 0.11.0 | 522.00 | NOTE | |||
r-oldrel-macos-x86_64 | 0.11.0 | 628.00 | NOTE | |||
r-oldrel-windows-x86_64 | 0.11.0 | 931.00 | 557.00 | 1488.00 | NOTE |
Version: 0.11.0
Check: Rd files
Result: NOTE
checkRd: (-1) cuda_memory_stats.Rd:22: Lost braces; missing escapes or markup?
22 | \item "allocated.{all,large_pool,small_pool}.{current,peak,allocated,freed}": number of allocation requests received by the memory allocator.
| ^
checkRd: (-1) cuda_memory_stats.Rd:22: Lost braces; missing escapes or markup?
22 | \item "allocated.{all,large_pool,small_pool}.{current,peak,allocated,freed}": number of allocation requests received by the memory allocator.
| ^
checkRd: (-1) cuda_memory_stats.Rd:23: Lost braces; missing escapes or markup?
23 | \item "allocated_bytes.{all,large_pool,small_pool}.{current,peak,allocated,freed}": amount of allocated memory.
| ^
checkRd: (-1) cuda_memory_stats.Rd:23: Lost braces; missing escapes or markup?
23 | \item "allocated_bytes.{all,large_pool,small_pool}.{current,peak,allocated,freed}": amount of allocated memory.
| ^
checkRd: (-1) cuda_memory_stats.Rd:24: Lost braces; missing escapes or markup?
24 | \item "segment.{all,large_pool,small_pool}.{current,peak,allocated,freed}": number of reserved segments from cudaMalloc().
| ^
checkRd: (-1) cuda_memory_stats.Rd:24: Lost braces; missing escapes or markup?
24 | \item "segment.{all,large_pool,small_pool}.{current,peak,allocated,freed}": number of reserved segments from cudaMalloc().
| ^
checkRd: (-1) cuda_memory_stats.Rd:25: Lost braces; missing escapes or markup?
25 | \item "reserved_bytes.{all,large_pool,small_pool}.{current,peak,allocated,freed}": amount of reserved memory.
| ^
checkRd: (-1) cuda_memory_stats.Rd:25: Lost braces; missing escapes or markup?
25 | \item "reserved_bytes.{all,large_pool,small_pool}.{current,peak,allocated,freed}": amount of reserved memory.
| ^
checkRd: (-1) cuda_memory_stats.Rd:26: Lost braces; missing escapes or markup?
26 | \item "active.{all,large_pool,small_pool}.{current,peak,allocated,freed}": number of active memory blocks.
| ^
checkRd: (-1) cuda_memory_stats.Rd:26: Lost braces; missing escapes or markup?
26 | \item "active.{all,large_pool,small_pool}.{current,peak,allocated,freed}": number of active memory blocks.
| ^
checkRd: (-1) cuda_memory_stats.Rd:27: Lost braces; missing escapes or markup?
27 | \item "active_bytes.{all,large_pool,small_pool}.{current,peak,allocated,freed}": amount of active memory.
| ^
checkRd: (-1) cuda_memory_stats.Rd:27: Lost braces; missing escapes or markup?
27 | \item "active_bytes.{all,large_pool,small_pool}.{current,peak,allocated,freed}": amount of active memory.
| ^
checkRd: (-1) cuda_memory_stats.Rd:28: Lost braces; missing escapes or markup?
28 | \item "inactive_split.{all,large_pool,small_pool}.{current,peak,allocated,freed}": number of inactive, non-releasable memory blocks.
| ^
checkRd: (-1) cuda_memory_stats.Rd:28: Lost braces; missing escapes or markup?
28 | \item "inactive_split.{all,large_pool,small_pool}.{current,peak,allocated,freed}": number of inactive, non-releasable memory blocks.
| ^
checkRd: (-1) cuda_memory_stats.Rd:29: Lost braces; missing escapes or markup?
29 | \item "inactive_split_bytes.{all,large_pool,small_pool}.{current,peak,allocated,freed}": amount of inactive, non-releasable memory.
| ^
checkRd: (-1) cuda_memory_stats.Rd:29: Lost braces; missing escapes or markup?
29 | \item "inactive_split_bytes.{all,large_pool,small_pool}.{current,peak,allocated,freed}": amount of inactive, non-releasable memory.
| ^
checkRd: (-1) lr_one_cycle.Rd:49: Lost braces; missing escapes or markup?
49 | \item{anneal_strategy}{(str): {'cos', 'linear'}
| ^
checkRd: (-1) nn_init_dirac_.Rd:15: Lost braces; missing escapes or markup?
15 | Fills the {3, 4, 5}-dimensional input \code{Tensor} with the Dirac
| ^
checkRd: (-1) nn_init_dirac_.Rd:10: Lost braces; missing escapes or markup?
10 | \item{tensor}{a {3, 4, 5}-dimensional \code{torch.Tensor}}
| ^
Flavors: r-devel-linux-x86_64-debian-clang, r-devel-linux-x86_64-debian-gcc
Version: 0.11.0
Check: installed package size
Result: NOTE
installed size is 39.6Mb
sub-directories of 1Mb or more:
R 5.5Mb
help 1.7Mb
include 3.4Mb
libs 28.4Mb
Flavors: r-devel-linux-x86_64-fedora-clang, r-devel-windows-x86_64, r-release-macos-arm64, r-release-macos-x86_64, r-release-windows-x86_64, r-oldrel-macos-arm64, r-oldrel-macos-x86_64, r-oldrel-windows-x86_64