CRAN Package Check Results for Package torchvisionlib

Last updated on 2024-06-13 22:49:48 CEST.

Flavor Version Tinstall Tcheck Ttotal Status Flags
r-devel-linux-x86_64-debian-clang 0.5.0 43.30 62.40 105.70 OK
r-devel-linux-x86_64-debian-gcc 0.5.0 30.18 47.81 77.99 ERROR
r-devel-linux-x86_64-fedora-clang 0.5.0 152.89 OK
r-devel-linux-x86_64-fedora-gcc 0.5.0 153.25 OK
r-devel-windows-x86_64 0.5.0 45.00 80.00 125.00 OK
r-patched-linux-x86_64 0.5.0 36.95 59.89 96.84 OK
r-release-linux-x86_64 0.5.0 36.35 60.56 96.91 OK
r-release-macos-arm64 0.5.0 39.00 OK
r-release-macos-x86_64 0.5.0 52.00 OK
r-release-windows-x86_64 0.5.0 45.00 89.00 134.00 OK
r-oldrel-macos-arm64 0.5.0 40.00 OK
r-oldrel-macos-x86_64 0.5.0 66.00 OK
r-oldrel-windows-x86_64 0.5.0 53.00 99.00 152.00 OK

Check Details

Version: 0.5.0
Check: package dependencies
Result: NOTE Package suggested but not available for checking: ‘testthat’ Flavor: r-devel-linux-x86_64-debian-gcc

Version: 0.5.0
Check: tests
Result: ERROR Running ‘testthat.R’ [0s/1s] Running the tests in ‘tests/testthat.R’ failed. Complete output: > library(testthat) Error in library(testthat) : there is no package called 'testthat' Execution halted Flavor: r-devel-linux-x86_64-debian-gcc