Last updated on 2024-04-23 22:55:40 CEST.
Flavor | Version | Tinstall | Tcheck | Ttotal | Status | Flags |
---|---|---|---|---|---|---|
r-devel-linux-x86_64-debian-clang | 2.1.1 | 2.68 | 39.35 | 42.03 | NOTE | |
r-devel-linux-x86_64-debian-gcc | 2.1.1 | 2.55 | 29.80 | 32.35 | NOTE | |
r-devel-linux-x86_64-fedora-clang | 2.1.1 | 56.10 | NOTE | |||
r-devel-linux-x86_64-fedora-gcc | 2.1.1 | 65.16 | NOTE | |||
r-prerel-macos-arm64 | 2.1.1 | 28.00 | NOTE | |||
r-prerel-windows-x86_64 | 2.1.1 | 4.00 | 56.00 | 60.00 | NOTE | |
r-patched-linux-x86_64 | 2.1.1 | 3.68 | 37.60 | 41.28 | NOTE | |
r-release-linux-x86_64 | 2.1.1 | 2.80 | 35.59 | 38.39 | NOTE | |
r-release-macos-arm64 | 2.1.1 | 26.00 | NOTE | |||
r-release-macos-x86_64 | 2.1.1 | 38.00 | NOTE | |||
r-release-windows-x86_64 | 2.1.1 | 4.00 | 57.00 | 61.00 | NOTE | |
r-oldrel-macos-arm64 | 2.1.1 | 21.00 | NOTE | |||
r-oldrel-windows-x86_64 | 2.1.1 | 4.00 | 59.00 | 63.00 | NOTE |
Version: 2.1.1
Check: LazyData
Result: NOTE
'LazyData' is specified without a 'data' directory
Flavors: r-devel-linux-x86_64-debian-clang, r-devel-linux-x86_64-debian-gcc, r-devel-linux-x86_64-fedora-clang, r-devel-linux-x86_64-fedora-gcc, r-prerel-macos-arm64, r-prerel-windows-x86_64, r-patched-linux-x86_64, r-release-linux-x86_64, r-release-macos-arm64, r-release-macos-x86_64, r-release-windows-x86_64, r-oldrel-macos-arm64, r-oldrel-windows-x86_64