Last updated on 2024-03-28 23:02:01 CET.
Flavor | Version | Tinstall | Tcheck | Ttotal | Status | Flags |
---|---|---|---|---|---|---|
r-devel-linux-x86_64-debian-clang | 2.2.3 | 14.70 | 44.93 | 59.63 | NOTE | |
r-devel-linux-x86_64-debian-gcc | 2.2.3 | 11.56 | 34.89 | 46.45 | NOTE | |
r-devel-linux-x86_64-fedora-clang | 2.2.3 | 83.11 | NOTE | |||
r-devel-linux-x86_64-fedora-gcc | 2.2.3 | 91.39 | NOTE | |||
r-devel-windows-x86_64 | 2.2.3 | 14.00 | 81.00 | 95.00 | NOTE | |
r-patched-linux-x86_64 | 2.2.3 | 15.91 | 44.65 | 60.56 | NOTE | |
r-release-linux-x86_64 | 2.2.3 | 15.40 | 43.36 | 58.76 | OK | |
r-release-macos-arm64 | 2.2.3 | 104.00 | OK | |||
r-release-macos-x86_64 | 2.2.3 | 105.00 | OK | |||
r-release-windows-x86_64 | 2.2.3 | 15.00 | 92.00 | 107.00 | OK | |
r-oldrel-macos-arm64 | 2.2.3 | 32.00 | OK | |||
r-oldrel-windows-x86_64 | 2.2.3 | 17.00 | 89.00 | 106.00 | OK |
Version: 2.2.3
Check: Rd files
Result: NOTE
checkRd: (-1) parse_beast_output_files.Rd:23: Lost braces
23 | item{\code{estimates}: parameter estimates}
| ^
checkRd: (-1) parse_beast_output_files.Rd:24-28: Lost braces
24 | item{
| ^
checkRd: (-1) parse_beast_output_files.Rd:29-31: Lost braces
29 | item{\code{operators}: the BEAST2 MCMC operator
| ^
checkRd: (-1) parse_beast_posterior.Rd:28: Lost braces
28 | item{\code{estimates}: parameter estimates}
| ^
checkRd: (-1) parse_beast_posterior.Rd:29-33: Lost braces
29 | item{
| ^
Flavors: r-devel-linux-x86_64-debian-clang, r-devel-linux-x86_64-debian-gcc, r-devel-linux-x86_64-fedora-clang, r-devel-linux-x86_64-fedora-gcc, r-devel-windows-x86_64, r-patched-linux-x86_64