Last updated on 2024-04-25 22:49:25 CEST.
Flavor | Version | Tinstall | Tcheck | Ttotal | Status | Flags |
---|---|---|---|---|---|---|
r-devel-linux-x86_64-debian-clang | 1.2 | 18.19 | 135.20 | 153.39 | OK | |
r-devel-linux-x86_64-debian-gcc | 1.2 | 13.88 | 99.01 | 112.89 | OK | |
r-devel-linux-x86_64-fedora-clang | 1.2 | 187.15 | NOTE | |||
r-devel-linux-x86_64-fedora-gcc | 1.2 | 165.82 | NOTE | |||
r-devel-windows-x86_64 | 1.2 | 17.00 | 104.00 | 121.00 | OK | |
r-patched-linux-x86_64 | 1.2 | 11.68 | 128.14 | 139.82 | OK | |
r-release-linux-x86_64 | 1.2 | 15.32 | 131.05 | 146.37 | OK | |
r-release-macos-arm64 | 1.2 | 48.00 | OK | |||
r-release-windows-x86_64 | 1.2 | 17.00 | 102.00 | 119.00 | OK | |
r-oldrel-macos-arm64 | 1.2 | 57.00 | OK | |||
r-oldrel-macos-x86_64 | 1.2 | 91.00 | OK | |||
r-oldrel-windows-x86_64 | 1.2 | 21.00 | 129.00 | 150.00 | OK |
Version: 1.2
Check: dependencies in R code
Result: NOTE
Namespaces in Imports field not imported from:
‘V8’ ‘colorspace’
All declared Imports should be used.
Flavors: r-devel-linux-x86_64-fedora-clang, r-devel-linux-x86_64-fedora-gcc